{"id":11826,"date":"2020-01-06T11:33:07","date_gmt":"2020-01-06T09:33:07","guid":{"rendered":"https:\/\/www.foxterrier-verband.de\/?page_id=11826"},"modified":"2022-08-08T06:59:36","modified_gmt":"2022-08-08T04:59:36","slug":"champion-2020","status":"publish","type":"page","link":"https:\/\/foxterrier-verband.de\/?page_id=11826","title":{"rendered":"Champion 2020"},"content":{"rendered":"\t\t<div data-elementor-type=\"wp-page\" data-elementor-id=\"11826\" class=\"elementor elementor-11826\">\n\t\t\t\t\t\t<section class=\"elementor-section elementor-top-section elementor-element elementor-element-325786a elementor-section-boxed elementor-section-height-default elementor-section-height-default\" data-id=\"325786a\" data-element_type=\"section\">\n\t\t\t\t\t\t<div class=\"elementor-container elementor-column-gap-default\">\n\t\t\t\t\t<div class=\"elementor-column elementor-col-100 elementor-top-column elementor-element elementor-element-9e7999d\" data-id=\"9e7999d\" data-element_type=\"column\">\n\t\t\t<div class=\"elementor-widget-wrap elementor-element-populated\">\n\t\t\t\t\t\t<div class=\"elementor-element elementor-element-d251a51 elementor-widget elementor-widget-text-editor\" data-id=\"d251a51\" data-element_type=\"widget\" data-widget_type=\"text-editor.default\">\n\t\t\t\t<div class=\"elementor-widget-container\">\n\t\t\t\t\t\t\t<header><h1>Champion 2020<\/h1><\/header><div><div><div><div><section data-id=\"431985c\" data-element_type=\"section\"><div><div><div data-id=\"9d9be95\" data-element_type=\"column\"><div><div><div data-id=\"7c784dc\" data-element_type=\"text-editor.default\"><div><div><p>Hier werden alle anerkannten Champions, deren Titel 2020 best\u00e4tigt wurden, eingetragen:<\/p><h2>Herzlichen Gl\u00fcckwunsch!<\/h2><h3>Deutscher Jugendchampion DFV<\/h3><p>Eirene v. Thyratal<br \/>Pepper Pearl v. Sachsen<br \/>Villie v. d. Bismarckquelle<br \/>Hasta la Vista v. Ernstthal<br \/>Himmelmiezel v. Ernstthal<br \/>Blue Diamond v. Gronauer Tal<br \/>Onyxx v. d. Bismarckquelle<br \/>Delaware Zubizareta<br \/>Pepe v. Sachsen<br \/>Victory de la Rosa<\/p><h3>Deutscher Jugendchampion VDH<\/h3><p>Blue Diamond v. Gronauer Tal<br \/>Usus v. d. sch\u00f6nen Bergen<br \/>Fast Forward v. Ernstthal<br \/>VIP Baby of Fair Play<br \/>Edda v. Thyratal<\/p><h3>Deutscher Champion DFV<\/h3><p>Yes v. Ro\u00dfgraben<br \/>Onyxx v. d. Bismarckquelle<br \/>Grace v. Ernstthal<br \/>Tamedale Caruso<br \/>Primeur de la Rosa<br \/>Nelson Perfect v. Sachsenland<br \/>Mistral-du-Midi du Haillet des Corneiredes<br \/>Veronique v. Rheingrund<br \/>Gero v. Hammatal<\/p><h3>Deutscher Champion VDH<\/h3><p>Quik-Lady v. J\u00fcnglingshof<br \/>Gero v. Hammatal<\/p><h3>Deutscher Veteranen-Champion DFV<\/h3><p>Stacho v. Thyratal<\/p><h3>Amerikanischen Champion<\/h3><p>Abadene Black Hunter<\/p><h3>Champion Bosnien-Herzegowina<\/h3><p>Vanilla v. d. sch\u00f6nen Bergen<br \/>Wildfang v. d. sch\u00f6nen Bergen<br \/>Hemingway v. Ernstthal<br \/>Paperman Wild Country<br \/>Paperman Wave<br \/>Talisman v. d. sch\u00f6nen Bergen<br \/>Usus v. d. sch\u00f6nen Bergen<\/p><h3>Englischen Champion<\/h3><p>Tamedale Caruso<\/p><h3>Kroatischen Jugendchampion<\/h3><p>Campino v. d. sch\u00f6nen Bergen<br \/>Wildfang v. d. sch\u00f6nen Bergen<br \/>Blanca v. d. sch\u00f6nen Bergen<\/p><h3>Kroatischen Champion<\/h3><p>Usus v. d. sch\u00f6nen Bergen<br \/>Cara v. Waldhaus<br \/>Ambra v. d. sch\u00f6nen Bergen<br \/>Warda v. d. sch\u00f6nen Bergen<br \/>Cooper v. Waldhaus<br \/>Talisman v. d. sch\u00f6nen Bergen<br \/>Belladonna v. d. sch\u00f6nen Bergen<br \/>Paperman Welcome<\/p><h3>Slowakischer Champion<\/h3><p>Mistral du Midi du Haillet des Corneiredes<br \/>Marko-Super du Haillet des Corneiredes<\/p><h3>Slowenischer Champion<\/h3>Vanilla v. d. sch\u00f6nen Bergen<br \/>Wanda v. d. sch\u00f6nen Bergen<br \/>Rosa v. d. sch\u00f6nen Bergen<br \/>Quirinus v. Waldhaus<br \/>Paperman Hello<br \/>Fast Forward v. Ernstthal<br \/><br \/><h3>Ungarischer Jugendchampion<\/h3><p>Blanca v. d. sch\u00f6nen Bergen<br \/>Paperman Wild Country<\/p><h3>Ungarischer Champion<\/h3><p>Marko-Super du Haillet des Corneiredes<br \/>Jette v. J\u00fcnglingshof<br \/>Vanilla v. d. sch\u00f6nen Bergen<br \/>Talisman v. d. sch\u00f6nen Bergen<br \/>Hemingway v. Ernstthal<br \/>Maid of Magic v. Sachsen<br \/>Pepper Pearl v. Sachsen<br \/>Parker v. Sachsenland<br \/>Nelson Perfect v. Sachsenland<\/p><h3>Internationaler Champion<\/h3><p>Wayne v. Gronauer Tal<br \/>Quirinus v. Waldhaus<br \/>Noah v. d. sch\u00f6nen Bergen<br \/>Paperman Chery<br \/>Face the Crowd v. Ernstthal<\/p><\/div><\/div><\/div><\/div><\/div><\/div><\/div><\/div><\/section><\/div><\/div><\/div><\/div>\t\t\t\t\t\t<\/div>\n\t\t\t\t<\/div>\n\t\t\t\t\t<\/div>\n\t\t<\/div>\n\t\t\t\t\t<\/div>\n\t\t<\/section>\n\t\t\t\t<section class=\"elementor-section elementor-top-section elementor-element elementor-element-285d9b7 elementor-section-boxed elementor-section-height-default elementor-section-height-default\" data-id=\"285d9b7\" data-element_type=\"section\">\n\t\t\t\t\t\t<div class=\"elementor-container elementor-column-gap-default\">\n\t\t\t\t\t<div class=\"elementor-column elementor-col-100 elementor-top-column elementor-element elementor-element-0239b88\" data-id=\"0239b88\" data-element_type=\"column\">\n\t\t\t<div class=\"elementor-widget-wrap elementor-element-populated\">\n\t\t\t\t\t\t<div class=\"elementor-element elementor-element-2254a0a elementor-widget elementor-widget-text-editor\" data-id=\"2254a0a\" data-element_type=\"widget\" data-widget_type=\"text-editor.default\">\n\t\t\t\t<div class=\"elementor-widget-container\">\n\t\t\t\t\t\t\t<h1>FAQ Championtitel<\/h1><p><strong>Welche Voraussetzungen brauche ich f\u00fcr den Dt. JCh. (DFV)?<\/strong><\/p><p>F\u00fcr den Titel JCh. DFV ben\u00f6tigen Sie 4 JCACs unter 3 verschiedenen Richtern. Diese m\u00fcssen alle in der Jugendklasse erworben werden. Ein Reserve-Jugend-CAC kann in ein vollwertiges JCAC umgewandelt werden, wenn der Hund mit dem JCAC an dem Tag der Ausstellung bereits die Voraussetzungen f\u00fcr den JCh. DFV erreicht hat. Drei Reserve-JCACS k\u00f6nnen zu einem vollwertigen JCAC aufgewertet werden, wenn sie unter zwei Richtern erworben wurden. H\u00f6chstens eines der vier n\u00f6tigen JCACs kann auf diese Weise gebildet werden. F\u00fcr die Beantragung des Titels reichen Sie bitte alle Richterberichte, aus denen die Anwartschaften (JCACs) hervorgehen, zusammen mit der Ahnentafel des Hundes in der Gesch\u00e4ftsstelle ein.<\/p><p><strong>Welche Voraussetzungen brauche ich f\u00fcr den Dt. Ch. (DFV)?<\/strong><\/p><p>F\u00fcr den Dt. Ch. (DFV) sammeln Sie Anwartschaften (CACs) in allen Erwachsenenklassen. Sie ben\u00f6tigen mindestens 4 Anwartschaften unter 3 verschiedenen Richtern. Zwischen dem ersten und letzten CAC m\u00fcssen mindestens 12 Monate liegen. Ein Reserve-CAC kann in ein vollwertiges CAC umgewandelt werden, wenn der Hund mit dem CAC an dem Tag der Ausstellung bereits die Voraussetzungen f\u00fcr den Dt. Ch. DFV erreicht hat. Drei Reserve-CACS k\u00f6nnen zu einem vollwertigen CAC aufgewertet werden, wenn sie unter zwei Richtern erworben wurden. H\u00f6chstens eines der vier n\u00f6tigen CACs kann auf diese Weise gebildet werden. F\u00fcr die Beantragung des Titels reichen Sie bitte alle Richterberichte, aus denen die Anwartschaften (CACs) hervorgehen, zusammen mit der Ahnentafel des Hundes in der Gesch\u00e4ftsstelle ein.<\/p><p><strong>Welche Voraussetzungen brauche ich f\u00fcr weitere Championtitel?<\/strong><\/p><p>F\u00fcr den Dt. JCh. (VDH) und den Dt. Ch. (VDH) k\u00f6nnen Sie die Voraussetzungen in der VDH-Durchf\u00fchrungsbestimmung \u201eVDH-Titel und Titel-Anwartschaften\u201c geregelt. Diese k\u00f6nnen Sie <a href=\"http:\/\/www.vdh.de\/fileadmin\/media\/ausstellungen\/ausstellungsordnung\/Ausstellungsordnung_-_Dfb_Titel-ab-2015-01-01.pdf\" target=\"_blank\" rel=\"noopener noreferrer\">hier<\/a> einsehen.<br \/>Die Regelungen f\u00fcr den Int. Ch. (FCI) werden im Reglement f\u00fcr das Internationale Championat bestimmt. Diese sind <a href=\"http:\/\/www.vdh.de\/fileadmin\/media\/ueber\/downloads\/ausstellungen\/internationales_schoenheits_championat_der_fci_fuer_alle_rassen.pdf\" target=\"_blank\" rel=\"noopener noreferrer\">hier<\/a> nachzulesen.<\/p>\t\t\t\t\t\t<\/div>\n\t\t\t\t<\/div>\n\t\t\t\t\t<\/div>\n\t\t<\/div>\n\t\t\t\t\t<\/div>\n\t\t<\/section>\n\t\t\t\t<\/div>\n\t\t","protected":false},"excerpt":{"rendered":"<p>Champion 2020 Hier werden alle anerkannten Champions, deren Titel 2020 best\u00e4tigt wurden, eingetragen: Herzlichen Gl\u00fcckwunsch! Deutscher Jugendchampion DFV Eirene v.[&#8230;]<\/p>\n","protected":false},"author":6,"featured_media":0,"parent":0,"menu_order":0,"comment_status":"closed","ping_status":"closed","template":"template-fullwidth.php","meta":{"footnotes":""},"class_list":["post-11826","page","type-page","status-publish","hentry"],"_links":{"self":[{"href":"https:\/\/foxterrier-verband.de\/index.php?rest_route=\/wp\/v2\/pages\/11826","targetHints":{"allow":["GET"]}}],"collection":[{"href":"https:\/\/foxterrier-verband.de\/index.php?rest_route=\/wp\/v2\/pages"}],"about":[{"href":"https:\/\/foxterrier-verband.de\/index.php?rest_route=\/wp\/v2\/types\/page"}],"author":[{"embeddable":true,"href":"https:\/\/foxterrier-verband.de\/index.php?rest_route=\/wp\/v2\/users\/6"}],"replies":[{"embeddable":true,"href":"https:\/\/foxterrier-verband.de\/index.php?rest_route=%2Fwp%2Fv2%2Fcomments&post=11826"}],"version-history":[{"count":88,"href":"https:\/\/foxterrier-verband.de\/index.php?rest_route=\/wp\/v2\/pages\/11826\/revisions"}],"predecessor-version":[{"id":13283,"href":"https:\/\/foxterrier-verband.de\/index.php?rest_route=\/wp\/v2\/pages\/11826\/revisions\/13283"}],"wp:attachment":[{"href":"https:\/\/foxterrier-verband.de\/index.php?rest_route=%2Fwp%2Fv2%2Fmedia&parent=11826"}],"curies":[{"name":"wp","href":"https:\/\/api.w.org\/{rel}","templated":true}]}}