{"id":1418,"date":"2013-12-01T18:02:39","date_gmt":"2013-12-01T16:02:39","guid":{"rendered":"https:\/\/www.foxterrier-verband.de\/?page_id=1418"},"modified":"2025-12-12T21:11:55","modified_gmt":"2025-12-12T19:11:55","slug":"erwachsene-foxterrier","status":"publish","type":"page","link":"https:\/\/foxterrier-verband.de\/?page_id=1418","title":{"rendered":"Erwachsene Foxterrier"},"content":{"rendered":"\t\t<div data-elementor-type=\"wp-page\" data-elementor-id=\"1418\" class=\"elementor elementor-1418\">\n\t\t\t\t\t\t<section class=\"elementor-section elementor-top-section elementor-element elementor-element-gn1adtr elementor-section-boxed elementor-section-height-default elementor-section-height-default\" data-id=\"gn1adtr\" data-element_type=\"section\">\n\t\t\t\t\t\t<div class=\"elementor-container elementor-column-gap-default\">\n\t\t\t\t\t<div class=\"elementor-column elementor-col-100 elementor-top-column elementor-element elementor-element-6nu2yob\" data-id=\"6nu2yob\" data-element_type=\"column\">\n\t\t\t<div class=\"elementor-widget-wrap elementor-element-populated\">\n\t\t\t\t\t\t<div class=\"elementor-element elementor-element-h8tzt96 elementor-widget elementor-widget-text-editor\" data-id=\"h8tzt96\" data-element_type=\"widget\" data-widget_type=\"text-editor.default\">\n\t\t\t\t<div class=\"elementor-widget-container\">\n\t\t\t\t\t\t\t<p>Auf dieser Seite\u00a0finden Sie erwachsene Foxterrier ( &gt; 1 Jahr), die zum Verkauf stehen.<\/p><p>Es handelt sich hier ausschlie\u00dflich um Foxterrier mit DFV-Papieren. Die Verkaufsanzeigen werden vor Ver\u00f6ffentlichung durch das Zuchtbuchamt des DFV\u00a0\u00fcberpr\u00fcft. F\u00fcr Angaben zum Charakter und F\u00e4higkeiten der Hunde sind allein die Besitzer verantwortlich.<\/p><p>Im Falle von Verkauf vor Ablauf der Ver\u00f6ffentlichungsfrist erbitten wir auch in Ihrem Interesse, uns dies unverz\u00fcglich <a title=\"dfv@foxterrier-verband.de\" href=\"http:\/\/www.foxterrier-verband.de\/?page_id=50\" target=\"_blank\" rel=\"noopener noreferrer\">hier mitzuteilen<\/a>.<\/p>\t\t\t\t\t\t<\/div>\n\t\t\t\t<\/div>\n\t\t\t\t\t<\/div>\n\t\t<\/div>\n\t\t\t\t\t<\/div>\n\t\t<\/section>\n\t\t\t\t<section class=\"elementor-section elementor-top-section elementor-element elementor-element-3eheajh elementor-section-boxed elementor-section-height-default elementor-section-height-default\" data-id=\"3eheajh\" data-element_type=\"section\">\n\t\t\t\t\t\t<div class=\"elementor-container elementor-column-gap-default\">\n\t\t\t\t\t<div class=\"elementor-column elementor-col-100 elementor-top-column elementor-element elementor-element-84sezz2\" data-id=\"84sezz2\" data-element_type=\"column\">\n\t\t\t<div class=\"elementor-widget-wrap elementor-element-populated\">\n\t\t\t\t\t\t<div class=\"elementor-element elementor-element-00pj0qc elementor-widget elementor-widget-text-editor\" data-id=\"00pj0qc\" data-element_type=\"widget\" data-widget_type=\"text-editor.default\">\n\t\t\t\t<div class=\"elementor-widget-container\">\n\t\t\t\t\t\t\t<p>Die Geb\u00fchren sind f\u00fcr 3 Monate Pr\u00e4senz auf dieser Seite und werden gem\u00e4\u00df der aktuellen Geb\u00fchrenordnung abgerechnet.<\/p>\t\t\t\t\t\t<\/div>\n\t\t\t\t<\/div>\n\t\t\t\t\t<\/div>\n\t\t<\/div>\n\t\t\t\t\t<\/div>\n\t\t<\/section>\n\t\t\t\t<\/div>\n\t\t","protected":false},"excerpt":{"rendered":"<p>Auf dieser Seite\u00a0finden Sie erwachsene Foxterrier ( &gt; 1 Jahr), die zum Verkauf stehen. Es handelt sich hier ausschlie\u00dflich um[&#8230;]<\/p>\n","protected":false},"author":5,"featured_media":0,"parent":1110,"menu_order":0,"comment_status":"closed","ping_status":"closed","template":"template-fullwidth.php","meta":{"footnotes":""},"class_list":["post-1418","page","type-page","status-publish","hentry"],"_links":{"self":[{"href":"https:\/\/foxterrier-verband.de\/index.php?rest_route=\/wp\/v2\/pages\/1418","targetHints":{"allow":["GET"]}}],"collection":[{"href":"https:\/\/foxterrier-verband.de\/index.php?rest_route=\/wp\/v2\/pages"}],"about":[{"href":"https:\/\/foxterrier-verband.de\/index.php?rest_route=\/wp\/v2\/types\/page"}],"author":[{"embeddable":true,"href":"https:\/\/foxterrier-verband.de\/index.php?rest_route=\/wp\/v2\/users\/5"}],"replies":[{"embeddable":true,"href":"https:\/\/foxterrier-verband.de\/index.php?rest_route=%2Fwp%2Fv2%2Fcomments&post=1418"}],"version-history":[{"count":243,"href":"https:\/\/foxterrier-verband.de\/index.php?rest_route=\/wp\/v2\/pages\/1418\/revisions"}],"predecessor-version":[{"id":23638,"href":"https:\/\/foxterrier-verband.de\/index.php?rest_route=\/wp\/v2\/pages\/1418\/revisions\/23638"}],"up":[{"embeddable":true,"href":"https:\/\/foxterrier-verband.de\/index.php?rest_route=\/wp\/v2\/pages\/1110"}],"wp:attachment":[{"href":"https:\/\/foxterrier-verband.de\/index.php?rest_route=%2Fwp%2Fv2%2Fmedia&parent=1418"}],"curies":[{"name":"wp","href":"https:\/\/api.w.org\/{rel}","templated":true}]}}

<div data-elementor-type="wp-page" data-elementor-id="1418" class="elementor elementor-1418">
						<section class="elementor-section elementor-top-section elementor-element elementor-element-gn1adtr elementor-section-boxed elementor-section-height-default elementor-section-height-default" data-id="gn1adtr" data-element_type="section">
						<div class="elementor-container elementor-column-gap-default">
					<div class="elementor-column elementor-col-100 elementor-top-column elementor-element elementor-element-6nu2yob" data-id="6nu2yob" data-element_type="column">
			<div class="elementor-widget-wrap elementor-element-populated">
						<div class="elementor-element elementor-element-h8tzt96 elementor-widget elementor-widget-text-editor" data-id="h8tzt96" data-element_type="widget" data-widget_type="text-editor.default">
				<div class="elementor-widget-container">
							<p>Auf dieser Seite finden Sie erwachsene Foxterrier ( &gt; 1 Jahr), die zum Verkauf stehen.</p><p>Es handelt sich hier ausschließlich um Foxterrier mit DFV-Papieren. Die Verkaufsanzeigen werden vor Veröffentlichung durch das Zuchtbuchamt des DFV überprüft. Für Angaben zum Charakter und Fähigkeiten der Hunde sind allein die Besitzer verantwortlich.</p><p>Im Falle von Verkauf vor Ablauf der Veröffentlichungsfrist erbitten wir auch in Ihrem Interesse, uns dies unverzüglich <a title="dfv@foxterrier-verband.de" href="http://www.foxterrier-verband.de/?page_id=50" target="_blank" rel="noopener noreferrer">hier mitzuteilen</a>.</p>						</div>
				</div>
					</div>
		</div>
					</div>
		</section>
				<section class="elementor-section elementor-top-section elementor-element elementor-element-3eheajh elementor-section-boxed elementor-section-height-default elementor-section-height-default" data-id="3eheajh" data-element_type="section">
						<div class="elementor-container elementor-column-gap-default">
					<div class="elementor-column elementor-col-100 elementor-top-column elementor-element elementor-element-84sezz2" data-id="84sezz2" data-element_type="column">
			<div class="elementor-widget-wrap elementor-element-populated">
						<div class="elementor-element elementor-element-00pj0qc elementor-widget elementor-widget-text-editor" data-id="00pj0qc" data-element_type="widget" data-widget_type="text-editor.default">
				<div class="elementor-widget-container">
							<p>Die Gebühren sind für 3 Monate Präsenz auf dieser Seite und werden gemäß der aktuellen Gebührenordnung abgerechnet.</p>						</div>
				</div>
					</div>
		</div>
					</div>
		</section>
				</div>

<p>Auf dieser Seite finden Sie erwachsene Foxterrier ( &gt; 1 Jahr), die zum Verkauf stehen. Es handelt sich hier ausschließlich um[&#8230;]</p>
