{"id":17739,"date":"2023-02-13T16:49:20","date_gmt":"2023-02-13T14:49:20","guid":{"rendered":"https:\/\/www.foxterrier-verband.de\/?page_id=17739"},"modified":"2026-02-06T13:32:41","modified_gmt":"2026-02-06T11:32:41","slug":"gattertage-2023","status":"publish","type":"page","link":"https:\/\/foxterrier-verband.de\/?page_id=17739","title":{"rendered":"Gattertage 2026"},"content":{"rendered":"\t\t<div data-elementor-type=\"wp-page\" data-elementor-id=\"17739\" class=\"elementor elementor-17739\">\n\t\t\t\t\t\t<section class=\"elementor-section elementor-top-section elementor-element elementor-element-78ba01f0 elementor-section-boxed elementor-section-height-default elementor-section-height-default\" data-id=\"78ba01f0\" data-element_type=\"section\">\n\t\t\t\t\t\t<div class=\"elementor-container elementor-column-gap-default\">\n\t\t\t\t\t<div class=\"elementor-column elementor-col-100 elementor-top-column elementor-element elementor-element-18ecb9dd\" data-id=\"18ecb9dd\" data-element_type=\"column\">\n\t\t\t<div class=\"elementor-widget-wrap elementor-element-populated\">\n\t\t\t\t\t\t<div class=\"elementor-element elementor-element-16ae62ac elementor-widget elementor-widget-text-editor\" data-id=\"16ae62ac\" data-element_type=\"widget\" data-widget_type=\"text-editor.default\">\n\t\t\t\t<div class=\"elementor-widget-container\">\n\t\t\t\t\t\t\t<p><a href=\"https:\/\/foxterrier-verband.de\/wp-content\/uploads\/2026\/02\/DSC00069-scaled.jpg\"><img fetchpriority=\"high\" decoding=\"async\" class=\"aligncenter wp-image-24258 size-medium\" src=\"https:\/\/foxterrier-verband.de\/wp-content\/uploads\/2026\/02\/DSC00069-300x225.jpg\" alt=\"\" width=\"300\" height=\"225\" srcset=\"https:\/\/foxterrier-verband.de\/wp-content\/uploads\/2026\/02\/DSC00069-300x225.jpg 300w, https:\/\/foxterrier-verband.de\/wp-content\/uploads\/2026\/02\/DSC00069-1024x768.jpg 1024w, https:\/\/foxterrier-verband.de\/wp-content\/uploads\/2026\/02\/DSC00069-768x576.jpg 768w, https:\/\/foxterrier-verband.de\/wp-content\/uploads\/2026\/02\/DSC00069-1536x1152.jpg 1536w, https:\/\/foxterrier-verband.de\/wp-content\/uploads\/2026\/02\/DSC00069-2048x1536.jpg 2048w\" sizes=\"(max-width: 300px) 100vw, 300px\" \/><\/a><\/p>\t\t\t\t\t\t<\/div>\n\t\t\t\t<\/div>\n\t\t\t\t\t<\/div>\n\t\t<\/div>\n\t\t\t\t\t<\/div>\n\t\t<\/section>\n\t\t\t\t<section class=\"elementor-section elementor-top-section elementor-element elementor-element-b99bdd6 elementor-section-boxed elementor-section-height-default elementor-section-height-default\" data-id=\"b99bdd6\" data-element_type=\"section\">\n\t\t\t\t\t\t<div class=\"elementor-container elementor-column-gap-default\">\n\t\t\t\t\t<div class=\"elementor-column elementor-col-50 elementor-top-column elementor-element elementor-element-4b78889\" data-id=\"4b78889\" data-element_type=\"column\">\n\t\t\t<div class=\"elementor-widget-wrap elementor-element-populated\">\n\t\t\t\t\t\t<div class=\"elementor-element elementor-element-6263747 elementor-widget elementor-widget-text-editor\" data-id=\"6263747\" data-element_type=\"widget\" data-widget_type=\"text-editor.default\">\n\t\t\t\t<div class=\"elementor-widget-container\">\n\t\t\t\t\t\t\t<div><strong data-olk-copy-source=\"MessageBody\">Foxterriergattertage der AG Th\u00fcringen im Schwarzwildgatter Stadtroda.<\/strong><\/div>\n<div><strong>\u00a0<\/strong><\/div>\n<div>wir m\u00f6chten, wie jedes Jahr alle interessierten Jagdhundef\u00fchrer zu den\u00a0 Gattertagen in das Schwarzwildgatter Stadtroda einladen<\/div>\n<div>\u00a0 \u00a0 \u00a0 \u00a0 \u00a0 \u00a0\u00a0<\/div>\n<div>\u00a0 \u00a0 \u00a0 \u00a0 \u00a0 \u00a0 \u00a0 \u00a0 \u00a0 \u00a0 \u00a0 \u00a0 \u00a0 \u00a0 \u00a0 \u00a0 \u00a0 \u00a0 \u00a0 \u00a0 \u00a0 \u00a0 \u00a0 \u00a0 \u00a0 \u00a0 \u00a0 \u00a0 \u00a0 \u00a0 \u00a0 \u00a0<strong>26.04.2026<\/strong><\/div>\n<div><strong>\u00a0 \u00a0 \u00a0 \u00a0 \u00a0 \u00a0 \u00a0 \u00a0 \u00a0 \u00a0 \u00a0 \u00a0 \u00a0 \u00a0 \u00a0 \u00a0 \u00a0 \u00a0 \u00a0 \u00a0 \u00a0 \u00a0 \u00a0 \u00a0 \u00a0 \u00a0 \u00a0 \u00a0 \u00a0 \u00a0 14\/15.05.2026<\/strong><\/div>\n<div><strong>\u00a0 \u00a0 \u00a0 \u00a0 \u00a0 \u00a0 \u00a0 \u00a0 \u00a0 \u00a0 \u00a0 \u00a0 \u00a0 \u00a0 \u00a0 \u00a0 \u00a0 \u00a0 \u00a0 \u00a0 \u00a0 \u00a0 \u00a0 \u00a0 \u00a0 \u00a0 \u00a0 \u00a0 \u00a0 \u00a0 \u00a0 \u00a001.08.2026<\/strong><\/div>\n<div aria-hidden=\"true\">\u00a0<\/div>\n<div>Ausbildungsziel ist die Verbesserung der jagdlichen Anlagen am Schwarzwild f\u00fcr Welpen, Junghunde und Fortgeschrittene.<\/div>\n<div>Bei Bedarf kann die Pr\u00fcfung zur Erlangung des Leistungsabzeichens Sauj\u00e4ger w\u00e4hrend der Gattertage abgelegt werden.<\/div>\n<div>Generell sind beim Besuch im Gatter die Ahnentafel, der g\u00fcltige Impfpass und der Jagdschein mitzubringen.<\/div>\n<div>Interessenten melden sich bitte bei Arne Kroh unter der Rufnummer 0172-361 0252 oder 036605-8065.<\/div>\n<div>Teilnehmer der Gattertag wenden sich bei \u00dcbernachtungsw\u00fcnschen an Gerd Kutschbach unter der Nr. 036691-51675 oder<\/div>\n<div>0157-523 76941<\/div>\n<div aria-hidden=\"true\">\u00a0<\/div>\n<div>Die AG Th\u00fcringen<\/div>\t\t\t\t\t\t<\/div>\n\t\t\t\t<\/div>\n\t\t\t\t\t<\/div>\n\t\t<\/div>\n\t\t\t\t<div class=\"elementor-column elementor-col-50 elementor-top-column elementor-element elementor-element-e78651d\" data-id=\"e78651d\" data-element_type=\"column\">\n\t\t\t<div class=\"elementor-widget-wrap elementor-element-populated\">\n\t\t\t\t\t\t<div class=\"elementor-element elementor-element-74cfb76 elementor-widget elementor-widget-text-editor\" data-id=\"74cfb76\" data-element_type=\"widget\" data-widget_type=\"text-editor.default\">\n\t\t\t\t<div class=\"elementor-widget-container\">\n\t\t\t\t\t\t\t<p><a href=\"https:\/\/foxterrier-verband.de\/wp-content\/uploads\/2026\/02\/Einladung-Gattertage-2026_page-0001.jpg\"><img decoding=\"async\" class=\"aligncenter size-large wp-image-24246\" src=\"https:\/\/foxterrier-verband.de\/wp-content\/uploads\/2026\/02\/Einladung-Gattertage-2026_page-0001-724x1024.jpg\" alt=\"\" width=\"724\" height=\"1024\" srcset=\"https:\/\/foxterrier-verband.de\/wp-content\/uploads\/2026\/02\/Einladung-Gattertage-2026_page-0001-724x1024.jpg 724w, https:\/\/foxterrier-verband.de\/wp-content\/uploads\/2026\/02\/Einladung-Gattertage-2026_page-0001-212x300.jpg 212w, https:\/\/foxterrier-verband.de\/wp-content\/uploads\/2026\/02\/Einladung-Gattertage-2026_page-0001-768x1086.jpg 768w, https:\/\/foxterrier-verband.de\/wp-content\/uploads\/2026\/02\/Einladung-Gattertage-2026_page-0001-1086x1536.jpg 1086w, https:\/\/foxterrier-verband.de\/wp-content\/uploads\/2026\/02\/Einladung-Gattertage-2026_page-0001.jpg 1241w\" sizes=\"(max-width: 724px) 100vw, 724px\" \/><\/a> <a href=\"https:\/\/foxterrier-verband.de\/wp-content\/uploads\/2026\/02\/Einladung-Gattertage-2026.pdf\">Einladung Gattertage 2026<\/a><\/p>\t\t\t\t\t\t<\/div>\n\t\t\t\t<\/div>\n\t\t\t\t\t<\/div>\n\t\t<\/div>\n\t\t\t\t\t<\/div>\n\t\t<\/section>\n\t\t\t\t<section class=\"elementor-section elementor-top-section elementor-element elementor-element-395d145 elementor-section-boxed elementor-section-height-default elementor-section-height-default\" data-id=\"395d145\" data-element_type=\"section\">\n\t\t\t\t\t\t<div class=\"elementor-container elementor-column-gap-default\">\n\t\t\t\t\t<div class=\"elementor-column elementor-col-100 elementor-top-column elementor-element elementor-element-eb62553\" data-id=\"eb62553\" data-element_type=\"column\">\n\t\t\t<div class=\"elementor-widget-wrap\">\n\t\t\t\t\t\t\t<\/div>\n\t\t<\/div>\n\t\t\t\t\t<\/div>\n\t\t<\/section>\n\t\t\t\t<\/div>\n\t\t","protected":false},"excerpt":{"rendered":"<p>Foxterriergattertage der AG Th\u00fcringen im Schwarzwildgatter Stadtroda. \u00a0 wir m\u00f6chten, wie jedes Jahr alle interessierten Jagdhundef\u00fchrer zu den\u00a0 Gattertagen in[&#8230;]<\/p>\n","protected":false},"author":6,"featured_media":0,"parent":0,"menu_order":0,"comment_status":"closed","ping_status":"closed","template":"template-fullwidth.php","meta":{"footnotes":""},"class_list":["post-17739","page","type-page","status-publish","hentry"],"_links":{"self":[{"href":"https:\/\/foxterrier-verband.de\/index.php?rest_route=\/wp\/v2\/pages\/17739","targetHints":{"allow":["GET"]}}],"collection":[{"href":"https:\/\/foxterrier-verband.de\/index.php?rest_route=\/wp\/v2\/pages"}],"about":[{"href":"https:\/\/foxterrier-verband.de\/index.php?rest_route=\/wp\/v2\/types\/page"}],"author":[{"embeddable":true,"href":"https:\/\/foxterrier-verband.de\/index.php?rest_route=\/wp\/v2\/users\/6"}],"replies":[{"embeddable":true,"href":"https:\/\/foxterrier-verband.de\/index.php?rest_route=%2Fwp%2Fv2%2Fcomments&post=17739"}],"version-history":[{"count":102,"href":"https:\/\/foxterrier-verband.de\/index.php?rest_route=\/wp\/v2\/pages\/17739\/revisions"}],"predecessor-version":[{"id":24261,"href":"https:\/\/foxterrier-verband.de\/index.php?rest_route=\/wp\/v2\/pages\/17739\/revisions\/24261"}],"wp:attachment":[{"href":"https:\/\/foxterrier-verband.de\/index.php?rest_route=%2Fwp%2Fv2%2Fmedia&parent=17739"}],"curies":[{"name":"wp","href":"https:\/\/api.w.org\/{rel}","templated":true}]}}