{"id":20197,"date":"2024-06-27T14:14:06","date_gmt":"2024-06-27T12:14:06","guid":{"rendered":"https:\/\/www.foxterrier-verband.de\/?page_id=20197"},"modified":"2025-11-16T17:43:22","modified_gmt":"2025-11-16T15:43:22","slug":"ausstellungskalender-2025","status":"publish","type":"page","link":"https:\/\/foxterrier-verband.de\/?page_id=20197","title":{"rendered":"Ausstellungskalender 2025\/26"},"content":{"rendered":"\n<p><mark style=\"background-color:rgba(0, 0, 0, 0)\" class=\"has-inline-color has-accent-color\">Eingetragen werden die Spezial-\/Gemeinschaftsausstellungen, wenn der Terminschutzantrag\/Verpflichtungserkl\u00e4rung vorliegen. Bei den ROT gef\u00e4rbten Texten handelt es sich um \u00c4nderungen.<\/mark><\/p>\n\n\n\n<figure class=\"wp-block-table\"><table><thead><tr><th>Datum<br>Art<\/th><th>Ort<\/th><th>Meldeschluss<\/th><th>Richter<\/th><th>Meldestelle\/Sonderleiter<\/th><th>Top-Fox\/Sonderschau<\/th><\/tr><\/thead><tbody><tr><td>15.11.25<br><strong><mark style=\"background-color:rgba(0, 0, 0, 0)\" class=\"has-inline-color has-primary-color\">SPEZIAL <br>(Gem.-A.)<\/mark><\/strong><\/td><td>MAFZ-Paaren\/Glien<br>Gartenstr. 1-3<br>14621 Sch\u00f6nwalde\/<br>Glien<\/td><td>02.11.<\/td><td>K. Buss<\/td><td>AL:<br>Peter Bohrmann, Schichauweg 15a<br>12307 Berlin<br>Tel: 030\/74681263<br>E-Mail:<br><a href=\"mailto:bohrmann@terrier-berlin.de\" target=\"_blank\" rel=\"noreferrer noopener\">bohrmann@terrier-berlin.de<\/a><br><a href=\"https:\/\/www.kft-berlin.de\/ausstellungen\/ausstellung-2025\/online-meldung\/\" target=\"_blank\" rel=\"noreferrer noopener\">Onlinemeldung<\/a><\/td><td>Ja\/Ja<\/td><\/tr><tr><td>16.11.25<br><strong><mark style=\"background-color:rgba(0, 0, 0, 0)\" class=\"has-inline-color has-primary-color\">SPEZIAL <br>(Gem.-A.)<\/mark><\/strong><\/td><td>MAFZ-Paaren\/Glien<br>Gartenstr. 1-3<br>14621 Sch\u00f6nwalde\/<br>Glien<br><br><\/td><td>02.11.<\/td><td>E. Rosch<\/td><td>AL:<br>Peter Bohrmann, Schichauweg 15a<br>12307 Berlin<br>Tel: 030\/74681263<br>E-Mail:<br><a href=\"mailto:bohrmann@terrier-berlin.de\" target=\"_blank\" rel=\"noreferrer noopener\">bohrmann@terrier-berlin.de<\/a><br><a href=\"https:\/\/www.kft-berlin.de\/ausstellungen\/ausstellung-2025\/online-meldung\/\" target=\"_blank\" rel=\"noreferrer noopener\">Onlinemeldung<\/a><\/td><td>Ja\/Ja<\/td><\/tr><tr><td>29.11.25<br><mark style=\"background-color:rgba(0, 0, 0, 0);color:#ea52e6\" class=\"has-inline-color\"><strong>CACIB<\/strong><\/mark><\/td><td>Karlsruhe<\/td><td>24.10.<br><mark style=\"background-color:rgba(0, 0, 0, 0)\" class=\"has-inline-color has-primary-color\">07.11.<\/mark><\/td><td>U. Ryf (CH)<\/td><td>SL: Claudia Renaud, Weinbergstr. 20, 74078 Heilbronn<br>AL: Ulrich Reidenbach, Dennefstr. 5\/1, 71665 Vaihingen<br><a href=\"https:\/\/www.onlinedogshows.eu\/de\/Show\/Index\/4490\/Karlsruhe_2xCACIB_1xAlpensieger_2Days_2Tage\" target=\"_blank\" rel=\"noreferrer noopener\">Onlinemeldung<\/a><\/td><td>Ja\/Ja<\/td><\/tr><tr><td>30.11.25<br><strong><mark style=\"background-color:rgba(0, 0, 0, 0);color:#ea52e6\" class=\"has-inline-color\">CACIB<\/mark><\/strong><\/td><td>Karlsruhe<\/td><td>24.10.<br><mark style=\"background-color:rgba(0, 0, 0, 0)\" class=\"has-inline-color has-primary-color\">07.11.<\/mark><\/td><td>A. Terboven<\/td><td>SL: Claudia Renaud, Weinbergstr. 20, 74078 Heilbronn<br>AL: Ulrich Reidenbach, Dennefstr. 5\/1, 71665 Vaihingen<br><a href=\"https:\/\/www.onlinedogshows.eu\/de\/Show\/Index\/4490\/Karlsruhe_2xCACIB_1xAlpensieger_2Days_2Tage\" target=\"_blank\" rel=\"noreferrer noopener\">Onlinemeldung<\/a><\/td><td>Ja\/Ja<\/td><\/tr><tr><td>10.01.26<br><strong><mark style=\"background-color:rgba(0, 0, 0, 0);color:#ea52e6\" class=\"has-inline-color\">CACIB<\/mark><\/strong><\/td><td>Kassel<\/td><td>10.11.<br>01.12.<br><mark style=\"background-color:rgba(0, 0, 0, 0)\" class=\"has-inline-color has-primary-color\">09.12.<\/mark><\/td><td>H.-E. Schneider<\/td><td>SL:<br>Claudia Renaud<br>Weinbergstr.20<br>74078 Heilbronn<br><a href=\"https:\/\/www.onlinedogshows.eu\/de\/Show\/Index\/4786\/Id30_und31_InternationaleRassehunde_Ausstellung_Doppel_CACIBKassel\" target=\"_blank\" rel=\"noreferrer noopener\">Onlinemeldung<\/a><br><\/td><td>Ja\/Ja<\/td><\/tr><tr><td>11.01.26<br><strong><mark style=\"background-color:rgba(0, 0, 0, 0);color:#ea52e6\" class=\"has-inline-color\">CACIB<\/mark><\/strong><\/td><td>Kassel<\/td><td>10.11.<br>01.12.<br><mark style=\"background-color:rgba(0, 0, 0, 0)\" class=\"has-inline-color has-primary-color\">09.12.<\/mark><\/td><td>M. Wei\u00df<\/td><td>SL:<br>Claudia Renaud<br>Weinbergstr.20<br>74078 Heilbronn<br><a href=\"https:\/\/www.onlinedogshows.eu\/de\/Show\/Index\/4786\/Id30_und31_InternationaleRassehunde_Ausstellung_Doppel_CACIBKassel\" target=\"_blank\" rel=\"noreferrer noopener\">Onlinemeldung<\/a><\/td><td>Ja\/Ja<\/td><\/tr><tr><td>28.02.26<br><strong><mark style=\"background-color:rgba(0, 0, 0, 0)\" class=\"has-inline-color has-primary-color\">SPEZIAL <br>(Gem.-A.)<\/mark><\/strong><\/td><td>Reinsberg<\/td><td><\/td><td>O. Dolejsova (CZ)<\/td><td><a href=\"https:\/\/www.chemnitz-terrier.de\">https:\/\/www.chemnitz-terrier.de<\/a><\/td><td>Nein<\/td><\/tr><tr><td>01.03.26<br><strong><mark style=\"background-color:rgba(0, 0, 0, 0)\" class=\"has-inline-color has-primary-color\">SPEZIAL <br>(Gem.-A.)<\/mark><\/strong><\/td><td>Reinsberg<\/td><td><\/td><td>D. Kitanoski (MK)<\/td><td><a href=\"https:\/\/www.chemnitz-terrier.de\">https:\/\/www.chemnitz-terrier.de<\/a><\/td><td>Nein<\/td><\/tr><tr><td>14.03.26<br><strong><mark style=\"background-color:rgba(0, 0, 0, 0);color:#ea52e6\" class=\"has-inline-color\">CACIB<\/mark><\/strong><\/td><td>Offenburg<\/td><td><\/td><td>wird noch benannt<\/td><td>SL: Gerhard Haitz, Maiwaldstr. 24, 77855 Achern, www.foxterrier-haitz.de<br>AL: Ulrich Reidenbach, Dennefstr. 5\/1, 71665 Vaihingen&nbsp;<br>https:\/\/www.vdhbw.de&nbsp;und https:\/\/www.onlinedogshows.eu\/de<\/td><td><\/td><\/tr><tr><td>15.03.26<br><strong><mark style=\"background-color:rgba(0, 0, 0, 0);color:#ea52e6\" class=\"has-inline-color\">CACIB<\/mark><\/strong><\/td><td>Offenburg<\/td><td><\/td><td>wird noch benannt<\/td><td>SL: Gerhard Haitz, Maiwaldstr. 24, 77855 Achern, www.foxterrier-haitz.de<br>AL: Ulrich Reidenbach, Dennefstr. 5\/1, 71665 Vaihingen&nbsp;<br>https:\/\/www.vdhbw.de&nbsp;und https:\/\/www.onlinedogshows.eu\/de<\/td><td><\/td><\/tr><tr><td>26.04.26<br><strong><mark style=\"background-color:rgba(0, 0, 0, 0);color:#ea52e6\" class=\"has-inline-color\">CACIB<\/mark><\/strong><\/td><td>Lingen<\/td><td>23.02.<br>16.03.<\/td><td>A. Terboven<\/td><td>AL: Ilona Kroos, MS: Hannelore Marx, hc.marx@vdh-weser-ems.de<br>https:\/\/www.vdh-weser-ems.de<\/td><td>Ja\/Ja<\/td><\/tr><tr><td>01.05.26<br><strong><mark style=\"background-color:rgba(0, 0, 0, 0)\" class=\"has-inline-color has-primary-color\">SPEZIAL <\/mark><\/strong><\/td><td>Dormagen<br>Hundeplatz Uferstr., Dormagen-St\u00fcrzelberg<\/td><td>19.04.26<\/td><td>F. Meier<\/td><td>AL: H.-H. Wirtz, Uferstr. 23, 41541 Dormagen, 02133-70468, hhwirtz@gmx.de<\/td><td>Ja<\/td><\/tr><tr><td>02.05.26<br><strong><mark style=\"background-color:rgba(0, 0, 0, 0)\" class=\"has-inline-color has-primary-color\">SPEZIAL <br>(Gem.-A.)<\/mark><\/strong><\/td><td>18236 Kr\u00f6pelin<br>Hundeh\u00e4gerweg 3<\/td><td>18.04.26<\/td><td>S. Knight (IR)<\/td><td>AL: <br>Ortwin Horn<br>Klaus-Groth-Str. 5<br>17489 Greifswald<br>E-Mail: <a href=\"mailto:ortwin.horn@t-online.de\" target=\"_blank\" rel=\"noreferrer noopener\">ortwin.horn@t-online.de<\/a><\/td><td>-\/Ja<\/td><\/tr><tr><td>03.05.26<br><strong><mark style=\"background-color:rgba(0, 0, 0, 0)\" class=\"has-inline-color has-primary-color\">SPEZIAL <br>(Gem.-A.)<\/mark><\/strong><\/td><td>18236 Kr\u00f6pelin<br>Hundeh\u00e4gerweg 3<\/td><td>19.04.26<\/td><td><br>J. Eberhard<\/td><td>AL: <br>Ortwin Horn<br>Klaus-Groth-Str. 5<br>17489 Greifswald<br>E-Mail: <a href=\"mailto:ortwin.horn@t-online.de\" target=\"_blank\" rel=\"noreferrer noopener\">ortwin.horn@t-online.de<\/a><\/td><td>-\/Ja<\/td><\/tr><tr><td><\/td><td><\/td><td><\/td><td><\/td><td><\/td><td><\/td><\/tr><\/tbody><\/table><\/figure>\n\n\n\n<p><\/p>\n\n\n\n<p id=\"block-f36e1c98-99c6-4823-92a0-d9757aef1b44\"><mark style=\"background-color:rgba(0, 0, 0, 0)\" class=\"has-inline-color has-accent-color\">Punkte f\u00fcr den Top-Foxterrier k\u00f6nnen gem\u00e4\u00df DFV-Ausstellungsordnung nur vergeben werden, sofern ein Spezialzuchtrichter richtet. Ausstellungen ohne angegliederte Sonderschau werden bei der Punktevergabe f\u00fcr den Top-Foxterrier nicht mit ber\u00fccksichtigt.<\/mark><\/p>\n\n\n\n<h1 class=\"wp-block-heading\"><strong>Das Ausstellerportal<\/strong><\/h1>\n\n\n\n<p id=\"block-b6a2c3c9-cacf-40af-9902-e29eaf669ac6\">F\u00fcr alle Spezialausstellungen im DFV e.V., f\u00fcr die eine Onlinemeldung besteht k\u00f6nnen Sie \u00fcber das Ausstellerportal melden.<\/p>\n\n\n\n<p id=\"block-0176ae09-bff4-4ccc-a379-cab3721058a7\">Als registrierter Nutzer mit Zugang zum Ausstellerportal wird die Teilnahme an Ausstellungen ein Kinderspiel. Denn: die Angaben zur Person und zu den Hunden m\u00fcssen hier nur einmal gemacht werden. <a href=\"https:\/\/foxterrier-verband.de\/verwaltung\/LGManager1\/shows\/meldungauswahlblanco.php\" target=\"_blank\" rel=\"noreferrer noopener\"><strong>Melden Sie sich und Ihre Hunde hier im Ausstellerportal an.<\/strong><\/a> Bei Ausstellungen, an denen Sie in Zukunft teilnehmen m\u00f6chten, k\u00f6nnen Sie dann ganz einfach auf die bereits gespeicherten Daten f\u00fcr die Anmeldung zur\u00fcckgreifen. Auf diese Weise sparen Sie viel Zeit und M\u00fche, die Sie sonst f\u00fcr das Ausf\u00fcllen der Unterlagen aufgewendet h\u00e4tten.<br>Sie k\u00f6nnen aber wie bisher auch ohne Registrierung Ihren Hund zur Ausstellung melden.<\/p>\n\n\n\n<p><\/p>\n\n\n\n<p><\/p>\n","protected":false},"excerpt":{"rendered":"<p>Eingetragen werden die Spezial-\/Gemeinschaftsausstellungen, wenn der Terminschutzantrag\/Verpflichtungserkl\u00e4rung vorliegen. Bei den ROT gef\u00e4rbten Texten handelt es sich um \u00c4nderungen. DatumArt Ort[&#8230;]<\/p>\n","protected":false},"author":6,"featured_media":0,"parent":0,"menu_order":0,"comment_status":"closed","ping_status":"closed","template":"template-fullwidth.php","meta":{"footnotes":"[]"},"class_list":["post-20197","page","type-page","status-publish","hentry"],"_links":{"self":[{"href":"https:\/\/foxterrier-verband.de\/index.php?rest_route=\/wp\/v2\/pages\/20197","targetHints":{"allow":["GET"]}}],"collection":[{"href":"https:\/\/foxterrier-verband.de\/index.php?rest_route=\/wp\/v2\/pages"}],"about":[{"href":"https:\/\/foxterrier-verband.de\/index.php?rest_route=\/wp\/v2\/types\/page"}],"author":[{"embeddable":true,"href":"https:\/\/foxterrier-verband.de\/index.php?rest_route=\/wp\/v2\/users\/6"}],"replies":[{"embeddable":true,"href":"https:\/\/foxterrier-verband.de\/index.php?rest_route=%2Fwp%2Fv2%2Fcomments&post=20197"}],"version-history":[{"count":172,"href":"https:\/\/foxterrier-verband.de\/index.php?rest_route=\/wp\/v2\/pages\/20197\/revisions"}],"predecessor-version":[{"id":23153,"href":"https:\/\/foxterrier-verband.de\/index.php?rest_route=\/wp\/v2\/pages\/20197\/revisions\/23153"}],"wp:attachment":[{"href":"https:\/\/foxterrier-verband.de\/index.php?rest_route=%2Fwp%2Fv2%2Fmedia&parent=20197"}],"curies":[{"name":"wp","href":"https:\/\/api.w.org\/{rel}","templated":true}]}}