{"id":21657,"date":"2025-03-31T13:19:13","date_gmt":"2025-03-31T11:19:13","guid":{"rendered":"https:\/\/foxterrier-verband.de\/?page_id=21657"},"modified":"2025-11-30T21:36:39","modified_gmt":"2025-11-30T19:36:39","slug":"pruefungsberichte-2025","status":"publish","type":"page","link":"https:\/\/foxterrier-verband.de\/?page_id=21657","title":{"rendered":"Pr\u00fcfungsberichte 2025"},"content":{"rendered":"\t\t<div data-elementor-type=\"wp-page\" data-elementor-id=\"21657\" class=\"elementor elementor-21657\">\n\t\t\t\t\t\t<section class=\"elementor-section elementor-top-section elementor-element elementor-element-69405f6 elementor-section-boxed elementor-section-height-default elementor-section-height-default\" data-id=\"69405f6\" data-element_type=\"section\">\n\t\t\t\t\t\t<div class=\"elementor-container elementor-column-gap-default\">\n\t\t\t\t\t<div class=\"elementor-column elementor-col-100 elementor-top-column elementor-element elementor-element-b1ea645\" data-id=\"b1ea645\" data-element_type=\"column\">\n\t\t\t<div class=\"elementor-widget-wrap elementor-element-populated\">\n\t\t\t\t\t\t<div class=\"elementor-element elementor-element-6f88728 elementor-widget elementor-widget-text-editor\" data-id=\"6f88728\" data-element_type=\"widget\" data-widget_type=\"text-editor.default\">\n\t\t\t\t<div class=\"elementor-widget-container\">\n\t\t\t\t\t\t\t<p><a href=\"https:\/\/foxterrier-verband.de\/wp-content\/uploads\/2025\/11\/BPs-Teil-2-2025.pdf\" target=\"_blank\" rel=\"noopener\">Ergebnismeldung BPs Herbst 2025<\/a><\/p>\t\t\t\t\t\t<\/div>\n\t\t\t\t<\/div>\n\t\t\t\t\t<\/div>\n\t\t<\/div>\n\t\t\t\t\t<\/div>\n\t\t<\/section>\n\t\t\t\t<section class=\"elementor-section elementor-top-section elementor-element elementor-element-b8853ca elementor-section-boxed elementor-section-height-default elementor-section-height-default\" data-id=\"b8853ca\" data-element_type=\"section\">\n\t\t\t\t\t\t<div class=\"elementor-container elementor-column-gap-default\">\n\t\t\t\t\t<div class=\"elementor-column elementor-col-100 elementor-top-column elementor-element elementor-element-413447c\" data-id=\"413447c\" data-element_type=\"column\">\n\t\t\t<div class=\"elementor-widget-wrap elementor-element-populated\">\n\t\t\t\t\t\t<div class=\"elementor-element elementor-element-452afcc elementor-widget elementor-widget-text-editor\" data-id=\"452afcc\" data-element_type=\"widget\" data-widget_type=\"text-editor.default\">\n\t\t\t\t<div class=\"elementor-widget-container\">\n\t\t\t\t\t\t\t<p><a href=\"https:\/\/foxterrier-verband.de\/wp-content\/uploads\/2025\/11\/Ergebnismeldung-JPs-Teil-2-2025.pdf\" target=\"_blank\" rel=\"noopener\">Ergebnismeldung JPs Teil 2 2025<\/a><br \/><a href=\"https:\/\/foxterrier-verband.de\/wp-content\/uploads\/2025\/11\/ZP.pdf\" target=\"_blank\" rel=\"noopener\">Ergebnismeldung ZPs Herbst 2025<\/a><\/p>\t\t\t\t\t\t<\/div>\n\t\t\t\t<\/div>\n\t\t\t\t<div class=\"elementor-element elementor-element-b6423c0 elementor-widget elementor-widget-text-editor\" data-id=\"b6423c0\" data-element_type=\"widget\" data-widget_type=\"text-editor.default\">\n\t\t\t\t<div class=\"elementor-widget-container\">\n\t\t\t\t\t\t\t<p><a href=\"https:\/\/foxterrier-verband.de\/wp-content\/uploads\/2025\/07\/BP-AG-Nordwest-OG-Weser-Ems-am-26.06.2025.pdf\" target=\"_blank\" rel=\"noopener\">BP AG Nordwest OG Weser-Ems 26.06.2025<\/a><\/p>\t\t\t\t\t\t<\/div>\n\t\t\t\t<\/div>\n\t\t\t\t\t<\/div>\n\t\t<\/div>\n\t\t\t\t\t<\/div>\n\t\t<\/section>\n\t\t\t\t<section class=\"elementor-section elementor-top-section elementor-element elementor-element-d9a84dc elementor-section-boxed elementor-section-height-default elementor-section-height-default\" data-id=\"d9a84dc\" data-element_type=\"section\">\n\t\t\t\t\t\t<div class=\"elementor-container elementor-column-gap-default\">\n\t\t\t\t\t<div class=\"elementor-column elementor-col-100 elementor-top-column elementor-element elementor-element-5dab2f3\" data-id=\"5dab2f3\" data-element_type=\"column\">\n\t\t\t<div class=\"elementor-widget-wrap elementor-element-populated\">\n\t\t\t\t\t\t<div class=\"elementor-element elementor-element-6d1bf35 elementor-widget elementor-widget-text-editor\" data-id=\"6d1bf35\" data-element_type=\"widget\" data-widget_type=\"text-editor.default\">\n\t\t\t\t<div class=\"elementor-widget-container\">\n\t\t\t\t\t\t\t<p><a href=\"https:\/\/foxterrier-verband.de\/wp-content\/uploads\/2025\/06\/Ergebnissmeldung-der-diesjaehrigen-Junghundpruefungen-JP.pdf\" target=\"_blank\" rel=\"noopener\">Ergebnismeldung JPs Teil 1 2025<\/a><\/p>\t\t\t\t\t\t<\/div>\n\t\t\t\t<\/div>\n\t\t\t\t\t<\/div>\n\t\t<\/div>\n\t\t\t\t\t<\/div>\n\t\t<\/section>\n\t\t\t\t<section class=\"elementor-section elementor-top-section elementor-element elementor-element-282cbbd elementor-section-boxed elementor-section-height-default elementor-section-height-default\" data-id=\"282cbbd\" data-element_type=\"section\">\n\t\t\t\t\t\t<div class=\"elementor-container elementor-column-gap-default\">\n\t\t\t\t\t<div class=\"elementor-column elementor-col-100 elementor-top-column elementor-element elementor-element-32d670d\" data-id=\"32d670d\" data-element_type=\"column\">\n\t\t\t<div class=\"elementor-widget-wrap elementor-element-populated\">\n\t\t\t\t\t\t<div class=\"elementor-element elementor-element-85932d7 elementor-widget elementor-widget-text-editor\" data-id=\"85932d7\" data-element_type=\"widget\" data-widget_type=\"text-editor.default\">\n\t\t\t\t<div class=\"elementor-widget-container\">\n\t\t\t\t\t\t\t<p><a href=\"https:\/\/foxterrier-verband.de\/wp-content\/uploads\/2025\/05\/BP-Ergebnissmeldung_AG-Sachsen-Anhalt-13.04.2025.pdf\" target=\"_blank\" rel=\"noopener\">BP AG Sachsen-Anhalt OG\/PG Calbe (Saale) 13.04.2025<\/a><\/p>\t\t\t\t\t\t<\/div>\n\t\t\t\t<\/div>\n\t\t\t\t\t<\/div>\n\t\t<\/div>\n\t\t\t\t\t<\/div>\n\t\t<\/section>\n\t\t\t\t<section class=\"elementor-section elementor-top-section elementor-element elementor-element-79d3d87 elementor-section-boxed elementor-section-height-default elementor-section-height-default\" data-id=\"79d3d87\" data-element_type=\"section\">\n\t\t\t\t\t\t<div class=\"elementor-container elementor-column-gap-default\">\n\t\t\t\t\t<div class=\"elementor-column elementor-col-100 elementor-top-column elementor-element elementor-element-5d4a6e9\" data-id=\"5d4a6e9\" data-element_type=\"column\">\n\t\t\t<div class=\"elementor-widget-wrap elementor-element-populated\">\n\t\t\t\t\t\t<div class=\"elementor-element elementor-element-371280f elementor-widget elementor-widget-text-editor\" data-id=\"371280f\" data-element_type=\"widget\" data-widget_type=\"text-editor.default\">\n\t\t\t\t<div class=\"elementor-widget-container\">\n\t\t\t\t\t\t\t<p><a href=\"https:\/\/foxterrier-verband.de\/wp-content\/uploads\/2025\/05\/2_BP-Pruefungsbericht02.04.2025.pdf\" target=\"_blank\" rel=\"noopener\">BP AG Westfalen OG\/PG Scherfede 05.04.2025<\/a><\/p>\t\t\t\t\t\t<\/div>\n\t\t\t\t<\/div>\n\t\t\t\t<div class=\"elementor-element elementor-element-0be4287 elementor-widget elementor-widget-text-editor\" data-id=\"0be4287\" data-element_type=\"widget\" data-widget_type=\"text-editor.default\">\n\t\t\t\t<div class=\"elementor-widget-container\">\n\t\t\t\t\t\t\t<p><br \/><a href=\"https:\/\/foxterrier-verband.de\/wp-content\/uploads\/2025\/05\/BP-Ergebnissmeldung_PG-Ostthueringen-04042025.pdf\" target=\"_blank\" rel=\"noopener\">BP AG Th\u00fcringen OG\/PG Ostth\u00fcringen 04.04.2025\u00a0<\/a><\/p>\t\t\t\t\t\t<\/div>\n\t\t\t\t<\/div>\n\t\t\t\t\t<\/div>\n\t\t<\/div>\n\t\t\t\t\t<\/div>\n\t\t<\/section>\n\t\t\t\t<section class=\"elementor-section elementor-top-section elementor-element elementor-element-de28181 elementor-section-boxed elementor-section-height-default elementor-section-height-default\" data-id=\"de28181\" data-element_type=\"section\">\n\t\t\t\t\t\t<div class=\"elementor-container elementor-column-gap-default\">\n\t\t\t\t\t<div class=\"elementor-column elementor-col-100 elementor-top-column elementor-element elementor-element-f3d7ae9\" data-id=\"f3d7ae9\" data-element_type=\"column\">\n\t\t\t<div class=\"elementor-widget-wrap elementor-element-populated\">\n\t\t\t\t\t\t\t<\/div>\n\t\t<\/div>\n\t\t\t\t\t<\/div>\n\t\t<\/section>\n\t\t\t\t<section class=\"elementor-section elementor-top-section elementor-element elementor-element-a4e6ad8 elementor-section-boxed elementor-section-height-default elementor-section-height-default\" data-id=\"a4e6ad8\" data-element_type=\"section\">\n\t\t\t\t\t\t<div class=\"elementor-container elementor-column-gap-default\">\n\t\t\t\t\t<div class=\"elementor-column elementor-col-100 elementor-top-column elementor-element elementor-element-b40ac8c\" data-id=\"b40ac8c\" data-element_type=\"column\">\n\t\t\t<div class=\"elementor-widget-wrap elementor-element-populated\">\n\t\t\t\t\t\t<div class=\"elementor-element elementor-element-1197a84 elementor-widget elementor-widget-text-editor\" data-id=\"1197a84\" data-element_type=\"widget\" data-widget_type=\"text-editor.default\">\n\t\t\t\t<div class=\"elementor-widget-container\">\n\t\t\t\t\t\t\t<p>Die Ver\u00f6ffentlichung auf der Homepage erfolgt dem allgemeinen Informationsinteresse folgend zeitnah und ohne Gew\u00e4hr f\u00fcr die Richtigkeit. Der Hauptleistungswart beh\u00e4lt sich etwaige Korrekturen nach Vorlage und \u00dcberpr\u00fcfung der Original-Pr\u00fcfungsunterlagen vor. Ma\u00dfgeblich sind die in der Verbandzeitung und im Foxterrier-Gebrauchsregister ver\u00f6ffentlichten Ergebnisse.<\/p>\t\t\t\t\t\t<\/div>\n\t\t\t\t<\/div>\n\t\t\t\t\t<\/div>\n\t\t<\/div>\n\t\t\t\t\t<\/div>\n\t\t<\/section>\n\t\t\t\t<\/div>\n\t\t","protected":false},"excerpt":{"rendered":"<p>Ergebnismeldung BPs Herbst 2025 Ergebnismeldung JPs Teil 2 2025Ergebnismeldung ZPs Herbst 2025 BP AG Nordwest OG Weser-Ems 26.06.2025 Ergebnismeldung JPs[&#8230;]<\/p>\n","protected":false},"author":6,"featured_media":0,"parent":0,"menu_order":0,"comment_status":"closed","ping_status":"closed","template":"","meta":{"footnotes":""},"class_list":["post-21657","page","type-page","status-publish","hentry"],"_links":{"self":[{"href":"https:\/\/foxterrier-verband.de\/index.php?rest_route=\/wp\/v2\/pages\/21657","targetHints":{"allow":["GET"]}}],"collection":[{"href":"https:\/\/foxterrier-verband.de\/index.php?rest_route=\/wp\/v2\/pages"}],"about":[{"href":"https:\/\/foxterrier-verband.de\/index.php?rest_route=\/wp\/v2\/types\/page"}],"author":[{"embeddable":true,"href":"https:\/\/foxterrier-verband.de\/index.php?rest_route=\/wp\/v2\/users\/6"}],"replies":[{"embeddable":true,"href":"https:\/\/foxterrier-verband.de\/index.php?rest_route=%2Fwp%2Fv2%2Fcomments&post=21657"}],"version-history":[{"count":67,"href":"https:\/\/foxterrier-verband.de\/index.php?rest_route=\/wp\/v2\/pages\/21657\/revisions"}],"predecessor-version":[{"id":23450,"href":"https:\/\/foxterrier-verband.de\/index.php?rest_route=\/wp\/v2\/pages\/21657\/revisions\/23450"}],"wp:attachment":[{"href":"https:\/\/foxterrier-verband.de\/index.php?rest_route=%2Fwp%2Fv2%2Fmedia&parent=21657"}],"curies":[{"name":"wp","href":"https:\/\/api.w.org\/{rel}","templated":true}]}}