{"id":243,"date":"2013-10-17T07:29:57","date_gmt":"2013-10-17T05:29:57","guid":{"rendered":"https:\/\/www.foxterrier-verband.de\/?page_id=243"},"modified":"2026-04-23T08:50:23","modified_gmt":"2026-04-23T06:50:23","slug":"ortsgruppen","status":"publish","type":"page","link":"https:\/\/foxterrier-verband.de\/?page_id=243","title":{"rendered":"Regionalgruppen"},"content":{"rendered":"\t\t<div data-elementor-type=\"wp-page\" data-elementor-id=\"243\" class=\"elementor elementor-243\">\n\t\t\t\t\t\t<section class=\"elementor-section elementor-top-section elementor-element elementor-element-35uleve elementor-section-boxed elementor-section-height-default elementor-section-height-default\" data-id=\"35uleve\" data-element_type=\"section\">\n\t\t\t\t\t\t<div class=\"elementor-container elementor-column-gap-default\">\n\t\t\t\t\t<div class=\"elementor-column elementor-col-100 elementor-top-column elementor-element elementor-element-hbe0x75\" data-id=\"hbe0x75\" data-element_type=\"column\">\n\t\t\t<div class=\"elementor-widget-wrap elementor-element-populated\">\n\t\t\t\t\t\t<div class=\"elementor-element elementor-element-wm81k88 elementor-widget elementor-widget-text-editor\" data-id=\"wm81k88\" data-element_type=\"widget\" data-widget_type=\"text-editor.default\">\n\t\t\t\t<div class=\"elementor-widget-container\">\n\t\t\t\t\t\t\t<p><strong><span style=\"color: #003300;\">Klicken Sie auf die LG\/AG Ihrer Region und Sie erhalten die Informationen und Kontakte zu den Regionalgruppen<\/span><\/strong><\/p>\t\t\t\t\t\t<\/div>\n\t\t\t\t<\/div>\n\t\t\t\t<div class=\"elementor-element elementor-element-4gyduu7 elementor-tabs-view-horizontal elementor-widget elementor-widget-tabs\" data-id=\"4gyduu7\" data-element_type=\"widget\" data-widget_type=\"tabs.default\">\n\t\t\t\t<div class=\"elementor-widget-container\">\n\t\t\t\t\t<div class=\"elementor-tabs\">\n\t\t\t<div class=\"elementor-tabs-wrapper\" role=\"tablist\" >\n\t\t\t\t\t\t\t\t\t<div id=\"elementor-tab-title-1231\" class=\"elementor-tab-title elementor-tab-desktop-title\" aria-selected=\"true\" data-tab=\"1\" role=\"tab\" tabindex=\"0\" aria-controls=\"elementor-tab-content-1231\" aria-expanded=\"false\">LG\/AG Bayern<\/div>\n\t\t\t\t\t\t\t\t\t<div id=\"elementor-tab-title-1232\" class=\"elementor-tab-title elementor-tab-desktop-title\" aria-selected=\"false\" data-tab=\"2\" role=\"tab\" tabindex=\"-1\" aria-controls=\"elementor-tab-content-1232\" aria-expanded=\"false\">LG\/AG Berlin-Brandenburg<\/div>\n\t\t\t\t\t\t\t\t\t<div id=\"elementor-tab-title-1233\" class=\"elementor-tab-title elementor-tab-desktop-title\" aria-selected=\"false\" data-tab=\"3\" role=\"tab\" tabindex=\"-1\" aria-controls=\"elementor-tab-content-1233\" aria-expanded=\"false\">LG\/AG Hessen<\/div>\n\t\t\t\t\t\t\t\t\t<div id=\"elementor-tab-title-1234\" class=\"elementor-tab-title elementor-tab-desktop-title\" aria-selected=\"false\" data-tab=\"4\" role=\"tab\" tabindex=\"-1\" aria-controls=\"elementor-tab-content-1234\" aria-expanded=\"false\">LG\/AG  Mecklenburg-Vorpommern<\/div>\n\t\t\t\t\t\t\t\t\t<div id=\"elementor-tab-title-1235\" class=\"elementor-tab-title elementor-tab-desktop-title\" aria-selected=\"false\" data-tab=\"5\" role=\"tab\" tabindex=\"-1\" aria-controls=\"elementor-tab-content-1235\" aria-expanded=\"false\">LG\/AG Nord-West<\/div>\n\t\t\t\t\t\t\t<\/div>\n\t\t\t<div class=\"elementor-tabs-content-wrapper\" role=\"tablist\" aria-orientation=\"vertical\">\n\t\t\t\t\t\t\t\t\t<div class=\"elementor-tab-title elementor-tab-mobile-title\" aria-selected=\"true\" data-tab=\"1\" role=\"tab\" tabindex=\"0\" aria-controls=\"elementor-tab-content-1231\" aria-expanded=\"false\">LG\/AG Bayern<\/div>\n\t\t\t\t\t<div id=\"elementor-tab-content-1231\" class=\"elementor-tab-content elementor-clearfix\" data-tab=\"1\" role=\"tabpanel\" aria-labelledby=\"elementor-tab-title-1231\" tabindex=\"0\" hidden=\"false\"><p><strong><span style=\"color: #008000;\">Landesgruppe\/Arbeitsgemeinschaft Bayern<\/span><\/strong><\/p><p><strong><span style=\"color: #008000;\"><em>AG Bayern:<\/em><\/span><em><br \/>Wir treffen uns nach Vereinbarung. Treffpunkte und Termine bei\u00a0 Angelika Hummel, Ldr.-Chr.-Kreuzer-Str. 33, 92699 Irchenrieth, Tel: 09659-93 20 112 Fax: 09659-921 88, Mobil: 0170 \u2013 572 95 75, Mail: info@foxl-hummel.de<br \/><\/em><\/strong><\/p><p><strong><span style=\"color: #008000;\"><em>OG Franken\/Oberpfalz:<\/em><\/span><em><br \/>Regelm\u00e4\u00dfige Treffen nach Vereinbarung. Stephanie Amm, Tel: 0179-145 76 23, E-Mail: <a href=\"mailto:darkrose6@arcor.de\">darkrose6@arcor.de<\/a><br \/><a href=\"http:\/\/www.foxterrier-bayern.de\">www.foxterrier-bayern.de\u00a0<\/a><\/em><\/strong><\/p><p><em><strong><span style=\"color: #008000;\">PG Oberpf\u00e4lzer Wald:<\/span><\/strong><br \/><strong>Treffen nach Vereinbarung\u00a0 Dr. M. Hummel H: 0171\/3168019 <a href=\"mailto:info@foxl-hummel.de\">info@foxl-hummel.de<br \/><\/a><\/strong><\/em><a href=\"http:\/\/www.pg-foxl-oberpfalz.de\/\" target=\"_blank\" rel=\"noopener\"><strong>www.pg-foxl-oberpfalz.de<\/strong><\/a><\/p><\/div>\n\t\t\t\t\t\t\t\t\t<div class=\"elementor-tab-title elementor-tab-mobile-title\" aria-selected=\"false\" data-tab=\"2\" role=\"tab\" tabindex=\"-1\" aria-controls=\"elementor-tab-content-1232\" aria-expanded=\"false\">LG\/AG Berlin-Brandenburg<\/div>\n\t\t\t\t\t<div id=\"elementor-tab-content-1232\" class=\"elementor-tab-content elementor-clearfix\" data-tab=\"2\" role=\"tabpanel\" aria-labelledby=\"elementor-tab-title-1232\" tabindex=\"0\" hidden=\"hidden\"><p><strong><span style=\"color: #008000;\">Landesgruppe\/Arbeitsgemeinschaft Berlin\/Brandenburg<\/span><\/strong><\/p><p><strong><span style=\"color: #008000;\"><em>RG Berlin:<\/em><\/span><em><br \/>Treffpunkte und Termine bitte bei Herrn Schulz erfragen unter Tel. 030\/3727933<br \/><\/em><\/strong><\/p><p><strong><span style=\"color: #008000;\"><em>AG Berlin-Brandenburg:<\/em><\/span><em>Regelm\u00e4\u00dfiges Treffen mit variablem Standort. N\u00e4heres unter Tel. 0152 \u2013 318 42 164<\/em><\/strong><\/p><\/div>\n\t\t\t\t\t\t\t\t\t<div class=\"elementor-tab-title elementor-tab-mobile-title\" aria-selected=\"false\" data-tab=\"3\" role=\"tab\" tabindex=\"-1\" aria-controls=\"elementor-tab-content-1233\" aria-expanded=\"false\">LG\/AG Hessen<\/div>\n\t\t\t\t\t<div id=\"elementor-tab-content-1233\" class=\"elementor-tab-content elementor-clearfix\" data-tab=\"3\" role=\"tabpanel\" aria-labelledby=\"elementor-tab-title-1233\" tabindex=\"0\" hidden=\"hidden\"><p><strong><span style=\"color: #008000;\">Landesgruppe\/Arbeitsgemeinschaft Hessen<\/span><\/strong><\/p><p><strong><span style=\"color: #008000;\">RG Hessen-Mitte:<\/span><\/strong><br \/><strong>Jeden 2. Sonntag des Monats ab 10:00 Uhr an variablem Ort. Ausk\u00fcnfte: Peter Voigt, Tel. 06184\/61489, Mobil: 0176-805 12 710 E-Mail: <a href=\"mailto:hp_voigt@yahoo.de\">hp_voigt@yahoo.de<\/a>\u00a0oder Wolfgang Lenz, Tel.: 069\/556761, Mobil: 0151-401 47 232 E-Mail: <a href=\"mailto:Lenz-WA@t-online.de\">Lenz-WA@t-online.de<\/a> Facebook: <a href=\"https:\/\/www.facebook.com\/Foxterrier-Liebhaber-Freunde-1284486088237650\/?ref=gs&amp;hc_ref=ARQXBiUOou3PxogamoygaBpit6Sk5W6Dx9Nb806JFeQm-1HRRI7ec4cQ7CrtuewVruA&amp;fref=gs&amp;dti=1756910501269347&amp;hc_location=group\" target=\"_blank\" rel=\"noopener\">Foxterrier Liebhaber &amp; Freunde<\/a><\/strong><\/p><p><strong><span style=\"color: #008000;\">RG Hessen-S\u00fcd:<\/span><\/strong><br \/><strong>Wir treffen uns Samstag auf dem Hundeplatz. Genauere Infos immer aktuell auf: <a href=\"http:\/\/www.foxterrier-hessen-sued.de\/\">www.foxterrier-hessen-sued.de<\/a><\/strong><\/p><p><strong><span style=\"color: #008000;\">RG Klein-Auheim:<br \/><\/span>Treffen nach Absprache! &#8211; Anfragen per Mail an info@foxterrier-hessen.de, www.foxterrier-hessen.de<span style=\"color: #008000;\"><br \/><\/span><\/strong><\/p><p><strong><span style=\"color: #008000;\">RG Lahn-Dill:<\/span><\/strong><br \/><strong>Treffen nach Vereinbarung. Horst Ruddies, Kahlweg 4, 35398 Gie\u00dfen\u00a0 Telefon: 06403\/2162<\/strong><\/p><\/div>\n\t\t\t\t\t\t\t\t\t<div class=\"elementor-tab-title elementor-tab-mobile-title\" aria-selected=\"false\" data-tab=\"4\" role=\"tab\" tabindex=\"-1\" aria-controls=\"elementor-tab-content-1234\" aria-expanded=\"false\">LG\/AG  Mecklenburg-Vorpommern<\/div>\n\t\t\t\t\t<div id=\"elementor-tab-content-1234\" class=\"elementor-tab-content elementor-clearfix\" data-tab=\"4\" role=\"tabpanel\" aria-labelledby=\"elementor-tab-title-1234\" tabindex=\"0\" hidden=\"hidden\"><p><strong><span style=\"color: #008000;\">Landesgruppe\/Arbeitsgemeinschaft Mecklenburg-Vorpommern<\/span><\/strong><\/p><p>Treffen nach Vereinbarung, Anfragen an Sybille Thomas, Tel: 038427 \u2013 200, n\u00e4chstes Treffen: 21.05.2017, 10:00 Uhr, M\u00fchlencaf\u00e9, 23794 Stove<\/p><\/div>\n\t\t\t\t\t\t\t\t\t<div class=\"elementor-tab-title elementor-tab-mobile-title\" aria-selected=\"false\" data-tab=\"5\" role=\"tab\" tabindex=\"-1\" aria-controls=\"elementor-tab-content-1235\" aria-expanded=\"false\">LG\/AG Nord-West<\/div>\n\t\t\t\t\t<div id=\"elementor-tab-content-1235\" class=\"elementor-tab-content elementor-clearfix\" data-tab=\"5\" role=\"tabpanel\" aria-labelledby=\"elementor-tab-title-1235\" tabindex=\"0\" hidden=\"hidden\"><p><strong><span style=\"color: #008000;\">Landesgruppe\/Arbeitsgemeinschaft Nord-West<\/span><\/strong><\/p><p><strong><span style=\"color: #008000;\">RG Hamburg:<\/span><\/strong><br \/><strong>Die Ortsgruppe trifft sich nach vereinbartem Termin. Anfragen an: Julia Bischof Tel: 0172 \u2013 40 33 663, oder Elke Stricker Tel.: 04181\/7934<\/strong><\/p><p><strong><span style=\"color: #008000;\">RG Hildesheim:<\/span><\/strong><\/p><div dir=\"ltr\"><div><div><div data-olk-copy-source=\"MessageBody\"><strong>Die Gruppe trifft sich Sonntags um 10 Uhr auf dem \u00dcbungsgel\u00e4nde &#8220;Am Brockenblick&#8221; in Hildesheim.<\/strong><\/div><div><strong>Rasseoffen und jagdlich ausgerichtet.\u00a0<\/strong><\/div><div><strong>Anfragen bitte an:<\/strong><\/div><div><strong>Marc Koch\u00a0 \u00a0Tel. 0171\/8908659 oder J\u00fcrgen Kalmbach\u00a0 Tel. 0151\/24222901<\/strong><\/div><\/div><\/div><\/div><p><strong><span style=\"color: #008000;\">RG Weser-Ems:<\/span><\/strong><\/p><p><strong>Treffen nach Vereinbarung, Anfragen bitte an: Frank M\u00f6ller, Tel:\u00a00171-3812170<\/strong><\/p><p><strong>\u00a0<\/strong><\/p><p><strong><span style=\"color: #008000;\">PG Holstein:<\/span><\/strong><br \/><strong>Die Mitglieder treffen sich zu verschiedenen Aktionen an unterschiedlichen Orten nach Absprache. Anfragen an: Herrn Christian Meissner, Oldenburger Landstr. 20, 23701 Eutin, Tel.: 04521\/9635<\/strong><\/p><p><strong><span style=\"color: #008000;\">RG Nordmark:<\/span><\/strong><br \/><strong>Die Mitglieder treffen sich regelm\u00e4\u00dfig zu verschiedenen Aktionen in der Gastst\u00e4tte \u201cGoldener Hahn\u201d in Stuvenborn. Anfragen an: Herrn Uwe Kemmerich\u00a0 Tel.: 0172\/8799137, E-Mail: ognordmark@web.de<\/strong><\/p><\/div>\n\t\t\t\t\t\t\t<\/div>\n\t\t<\/div>\n\t\t\t\t<\/div>\n\t\t\t\t<\/div>\n\t\t\t\t\t<\/div>\n\t\t<\/div>\n\t\t\t\t\t<\/div>\n\t\t<\/section>\n\t\t\t\t<section class=\"elementor-section elementor-top-section elementor-element elementor-element-8qydkjm elementor-section-boxed elementor-section-height-default elementor-section-height-default\" data-id=\"8qydkjm\" data-element_type=\"section\">\n\t\t\t\t\t\t<div class=\"elementor-container elementor-column-gap-default\">\n\t\t\t\t\t<div class=\"elementor-column elementor-col-100 elementor-top-column elementor-element elementor-element-vg594ii\" data-id=\"vg594ii\" data-element_type=\"column\">\n\t\t\t<div class=\"elementor-widget-wrap elementor-element-populated\">\n\t\t\t\t\t\t<div class=\"elementor-element elementor-element-1dcg82z elementor-widget elementor-widget-text-editor\" data-id=\"1dcg82z\" data-element_type=\"widget\" data-widget_type=\"text-editor.default\">\n\t\t\t\t<div class=\"elementor-widget-container\">\n\t\t\t\t\t\t\t<p><strong><span style=\"color: #003300;\">Klicken Sie auf die LG\/AG Ihrer Region und Sie erhalten die Informationen und Kontakte zu den Regionalgruppen<\/span><\/strong><\/p>\t\t\t\t\t\t<\/div>\n\t\t\t\t<\/div>\n\t\t\t\t<div class=\"elementor-element elementor-element-om3pthi elementor-tabs-view-horizontal elementor-widget elementor-widget-tabs\" data-id=\"om3pthi\" data-element_type=\"widget\" data-widget_type=\"tabs.default\">\n\t\t\t\t<div class=\"elementor-widget-container\">\n\t\t\t\t\t<div class=\"elementor-tabs\">\n\t\t\t<div class=\"elementor-tabs-wrapper\" role=\"tablist\" >\n\t\t\t\t\t\t\t\t\t<div id=\"elementor-tab-title-31\" class=\"elementor-tab-title elementor-tab-desktop-title\" aria-selected=\"true\" data-tab=\"1\" role=\"tab\" tabindex=\"0\" aria-controls=\"elementor-tab-content-31\" aria-expanded=\"false\">LG\/AG Rheinland<\/div>\n\t\t\t\t\t\t\t\t\t<div id=\"elementor-tab-title-32\" class=\"elementor-tab-title elementor-tab-desktop-title\" aria-selected=\"false\" data-tab=\"2\" role=\"tab\" tabindex=\"-1\" aria-controls=\"elementor-tab-content-32\" aria-expanded=\"false\">LG\/AG Sachsen<\/div>\n\t\t\t\t\t\t\t\t\t<div id=\"elementor-tab-title-33\" class=\"elementor-tab-title elementor-tab-desktop-title\" aria-selected=\"false\" data-tab=\"3\" role=\"tab\" tabindex=\"-1\" aria-controls=\"elementor-tab-content-33\" aria-expanded=\"false\">LG\/AG Sachsen-Anhalt<\/div>\n\t\t\t\t\t\t\t\t\t<div id=\"elementor-tab-title-34\" class=\"elementor-tab-title elementor-tab-desktop-title\" aria-selected=\"false\" data-tab=\"4\" role=\"tab\" tabindex=\"-1\" aria-controls=\"elementor-tab-content-34\" aria-expanded=\"false\">LG\/AG S\u00fcdwest<\/div>\n\t\t\t\t\t\t\t\t\t<div id=\"elementor-tab-title-35\" class=\"elementor-tab-title elementor-tab-desktop-title\" aria-selected=\"false\" data-tab=\"5\" role=\"tab\" tabindex=\"-1\" aria-controls=\"elementor-tab-content-35\" aria-expanded=\"false\">LG\/AG Th\u00fcringen<\/div>\n\t\t\t\t\t\t\t\t\t<div id=\"elementor-tab-title-36\" class=\"elementor-tab-title elementor-tab-desktop-title\" aria-selected=\"false\" data-tab=\"6\" role=\"tab\" tabindex=\"-1\" aria-controls=\"elementor-tab-content-36\" aria-expanded=\"false\">LG\/AG Westfalen<\/div>\n\t\t\t\t\t\t\t<\/div>\n\t\t\t<div class=\"elementor-tabs-content-wrapper\" role=\"tablist\" aria-orientation=\"vertical\">\n\t\t\t\t\t\t\t\t\t<div class=\"elementor-tab-title elementor-tab-mobile-title\" aria-selected=\"true\" data-tab=\"1\" role=\"tab\" tabindex=\"0\" aria-controls=\"elementor-tab-content-31\" aria-expanded=\"false\">LG\/AG Rheinland<\/div>\n\t\t\t\t\t<div id=\"elementor-tab-content-31\" class=\"elementor-tab-content elementor-clearfix\" data-tab=\"1\" role=\"tabpanel\" aria-labelledby=\"elementor-tab-title-31\" tabindex=\"0\" hidden=\"false\"><p><strong><span style=\"color: #008000;\">Landesgruppe\/Arbeitsgemeinschaft Rheinland<\/span><\/strong><\/p><p><strong><span style=\"color: #008000;\">RG Dormagen:<\/span><\/strong><br \/><strong>Regelm\u00e4\u00dfige Treffen jeden 2. und 4. Samstag im Monat im Vereinsheim, 41541 Dormagen-St\u00fcrzelberg, Uferstr. (Rheindamm). Training zur Begleithundepr\u00fcfung und Agility, Info H. Wirtz Tel. 02133\/70468\u00a0<\/strong><\/p><p><strong><span style=\"color: #008000;\">RG Essen:<\/span><\/strong><br \/><strong>zu vereinbarten Terminen im Vereinsheim: Elke Diaz-Diaz, Tel: 0201 \u2013 35 80 73, E-Mail: elke.diazdiaz@web.de<\/strong><\/p><\/div>\n\t\t\t\t\t\t\t\t\t<div class=\"elementor-tab-title elementor-tab-mobile-title\" aria-selected=\"false\" data-tab=\"2\" role=\"tab\" tabindex=\"-1\" aria-controls=\"elementor-tab-content-32\" aria-expanded=\"false\">LG\/AG Sachsen<\/div>\n\t\t\t\t\t<div id=\"elementor-tab-content-32\" class=\"elementor-tab-content elementor-clearfix\" data-tab=\"2\" role=\"tabpanel\" aria-labelledby=\"elementor-tab-title-32\" tabindex=\"0\" hidden=\"hidden\"><p><strong><span style=\"color: #008000;\">Landesgruppe\/Arbeitsgemeinschaft Sachsen<\/span><\/strong><\/p><p><strong><span style=\"color: #008000;\">RG Dresden:<br \/><\/span><\/strong><strong>Zu vereinbarten Terminen in der Gastst\u00e4tte \u201cFissels \u201c, in Dresden-Hellerau. Anfragen an:\u00a0Holger Br\u00fcssow\u00a0Tel. 035952\/28666.<\/strong><\/p><p><strong><span style=\"color: #008000;\">RG Leipzig:<\/span><\/strong><br \/><strong>Treffen nach Vereinbarung. Anfragen an: Evelyn Rosch, Eilenburger Str. 1, 04808 Nischwitz, Tel.: 03425\/929369\u00a0 <a href=\"mailto:RG-Leipzig@foxterrier.sachsen.de\">RG-Leipzig@foxterrier.sachsen.de<\/a><\/strong><\/p><p><strong><span style=\"color: #008000;\">RG Torgau:<\/span><\/strong><br \/><strong>Zuammenk\u00fcnfte nach Vereinbarung. Anfragen an Frank Wei\u00df unter: Tel. 03421\/70 73 59<br \/><\/strong><\/p><\/div>\n\t\t\t\t\t\t\t\t\t<div class=\"elementor-tab-title elementor-tab-mobile-title\" aria-selected=\"false\" data-tab=\"3\" role=\"tab\" tabindex=\"-1\" aria-controls=\"elementor-tab-content-33\" aria-expanded=\"false\">LG\/AG Sachsen-Anhalt<\/div>\n\t\t\t\t\t<div id=\"elementor-tab-content-33\" class=\"elementor-tab-content elementor-clearfix\" data-tab=\"3\" role=\"tabpanel\" aria-labelledby=\"elementor-tab-title-33\" tabindex=\"0\" hidden=\"hidden\"><p><strong><span style=\"color: #008000;\">Landesgruppe\/Arbeitsgemeinschaft Sachsen-Anhalt<\/span><\/strong><\/p><p><strong>zur Zeit keine aktive Regionalgruppe.<\/strong><\/p><p>regionale Anfragen an: J\u00fcrgen M\u00f6hle Tel.: 039483-81467<\/p><\/div>\n\t\t\t\t\t\t\t\t\t<div class=\"elementor-tab-title elementor-tab-mobile-title\" aria-selected=\"false\" data-tab=\"4\" role=\"tab\" tabindex=\"-1\" aria-controls=\"elementor-tab-content-34\" aria-expanded=\"false\">LG\/AG S\u00fcdwest<\/div>\n\t\t\t\t\t<div id=\"elementor-tab-content-34\" class=\"elementor-tab-content elementor-clearfix\" data-tab=\"4\" role=\"tabpanel\" aria-labelledby=\"elementor-tab-title-34\" tabindex=\"0\" hidden=\"hidden\"><p><span style=\"color: #008000;\"><strong>Landesgruppe\/Arbeitsgemeinschaft S\u00fcdwest<\/strong><\/span><\/p><p><strong><span style=\"color: #008000;\">RG Achern\/Ortenau<br \/><\/span><\/strong><\/p><p>Termine und Veranstaltungen nach Vereinbarung.<\/p><p>Gerhard Haitz, Maiwaldstr. 24, 77855 Achern-Wagshurst Tel: 07843-1375 E-Mail: <a href=\"mailto:c.haitz@t-online.de\" target=\"_blank\" rel=\"noopener\">c.haitz@t-online.de<\/a> www.foxterrier-haitz.de<\/p><p><span style=\"color: #008000;\"><strong>RG Baden<br \/><\/strong><\/span>zum 01.08.2021 aufgel\u00f6st<\/p><p><strong><span style=\"color: #008000;\">RG Rheinland-Pfalz<br \/><\/span><\/strong>Treffen nach Vereinbarung, Fragen bitte an Bernd R\u00fcdiger, Tel. 0177 \/ 694 84 70<br \/>Internet: www.foxterrier-rheinland-pfalz.de\/treffen.html E-Mail: <a href=\"mailto:foxlogrlpf@gmail.com\" target=\"_blank\" rel=\"noopener\">foxlogrlpf@gmail.com<\/a><\/p><p><strong><span style=\"color: #008000;\">PG W\u00fcrttemberg Hohenlohe<br \/><\/span><\/strong>Treffen, Kurse und Termine nach Vereinbarung. Anfragen bitte an<\/p><p>Robert Gerster, Birkenweg 8, 74639 Zweiflingen-Westernbach, Tel.: 07941-61400, E-Mail:\u00a0 <a href=\"mailto:gerster-westernbach@t-online.de\">gerster-westernbach@t-online.de<\/a>, Internet: <a href=\"http:\/\/www.foxterrier-jagd.de\">www.foxterrier-jagd.de<\/a><\/p><\/div>\n\t\t\t\t\t\t\t\t\t<div class=\"elementor-tab-title elementor-tab-mobile-title\" aria-selected=\"false\" data-tab=\"5\" role=\"tab\" tabindex=\"-1\" aria-controls=\"elementor-tab-content-35\" aria-expanded=\"false\">LG\/AG Th\u00fcringen<\/div>\n\t\t\t\t\t<div id=\"elementor-tab-content-35\" class=\"elementor-tab-content elementor-clearfix\" data-tab=\"5\" role=\"tabpanel\" aria-labelledby=\"elementor-tab-title-35\" tabindex=\"0\" hidden=\"hidden\"><p><strong><span style=\"color: #008000;\">Landesgruppe\/Arbeitsgemeinschaft Th\u00fcringen<\/span><\/strong><\/p><p><strong><span style=\"color: #008000;\">RG Heringen-Nordhausen:<\/span><\/strong><br \/><strong>Ort und Zeit werden jeweils vereinbart. Info:\u00a0Thobias Freiwald, Tel. 036333\/61497 oder Mobil: 0175\/3611314<\/strong><\/p><p><strong><span style=\"color: #008000;\">RG Ostth\u00fcringen:<\/span><\/strong><br \/><strong>Ort und Zeit werden jeweils vereinbart. Info: Fam. Kutschbach, Tel. 036691\/51675<\/strong><\/p><p><strong><span style=\"color: #008000;\">RG Bad Liebenstein:<\/span><\/strong><br \/><strong>Ort und Zeit werden jeweils vereinbart,\u00a0<\/strong>Tel.: 0157-36187345<\/p><\/div>\n\t\t\t\t\t\t\t\t\t<div class=\"elementor-tab-title elementor-tab-mobile-title\" aria-selected=\"false\" data-tab=\"6\" role=\"tab\" tabindex=\"-1\" aria-controls=\"elementor-tab-content-36\" aria-expanded=\"false\">LG\/AG Westfalen<\/div>\n\t\t\t\t\t<div id=\"elementor-tab-content-36\" class=\"elementor-tab-content elementor-clearfix\" data-tab=\"6\" role=\"tabpanel\" aria-labelledby=\"elementor-tab-title-36\" tabindex=\"0\" hidden=\"hidden\"><p><strong><span style=\"color: #008000;\">Landesgruppe\/ Arbeitsgemeinschaft Westfalen<\/span><\/strong><\/p><p><strong><span style=\"color: #008000;\">RG Dortmund:<\/span><\/strong><br \/><strong>Ort und Zeit der Treffen werden jeweils vereinbart. Anfragen an Christine Schupfner Tel.: 0231-652567<\/strong><\/p><p><strong><span style=\"color: #008000;\">RG Herford:<\/span><\/strong><br \/><strong>Ort und Zeit werden jeweils vereinbart. Tel.: 05221-3801105<\/strong><\/p><p><strong><span style=\"color: #008000;\">RG Oeding:<\/span> <\/strong><br \/><strong>Jeden 1. Samstag im Monat (April bis August) um 15.00 Uhr Treffen am Klubhaus N\u00e4heres bei M. G\u00f6vert, Tel: 0151-23 92 97 61<br \/><\/strong><\/p><p><strong><span style=\"color: #008000;\">RG Scherfede:<\/span><\/strong><br \/><strong>Treffen nach Vereinbarung, Anfragen unter Tel.: 05641 &#8211; 7433505 u. 0162 &#8211; 13 188 19<br \/><\/strong><\/p><\/div>\n\t\t\t\t\t\t\t<\/div>\n\t\t<\/div>\n\t\t\t\t<\/div>\n\t\t\t\t<\/div>\n\t\t\t\t\t<\/div>\n\t\t<\/div>\n\t\t\t\t\t<\/div>\n\t\t<\/section>\n\t\t\t\t<\/div>\n\t\t","protected":false},"excerpt":{"rendered":"<p>Klicken Sie auf die LG\/AG Ihrer Region und Sie erhalten die Informationen und Kontakte zu den Regionalgruppen LG\/AG Bayern LG\/AG[&#8230;]<\/p>\n","protected":false},"author":4,"featured_media":0,"parent":88,"menu_order":0,"comment_status":"closed","ping_status":"closed","template":"template-fullwidth.php","meta":{"footnotes":""},"class_list":["post-243","page","type-page","status-publish","hentry"],"_links":{"self":[{"href":"https:\/\/foxterrier-verband.de\/index.php?rest_route=\/wp\/v2\/pages\/243","targetHints":{"allow":["GET"]}}],"collection":[{"href":"https:\/\/foxterrier-verband.de\/index.php?rest_route=\/wp\/v2\/pages"}],"about":[{"href":"https:\/\/foxterrier-verband.de\/index.php?rest_route=\/wp\/v2\/types\/page"}],"author":[{"embeddable":true,"href":"https:\/\/foxterrier-verband.de\/index.php?rest_route=\/wp\/v2\/users\/4"}],"replies":[{"embeddable":true,"href":"https:\/\/foxterrier-verband.de\/index.php?rest_route=%2Fwp%2Fv2%2Fcomments&post=243"}],"version-history":[{"count":186,"href":"https:\/\/foxterrier-verband.de\/index.php?rest_route=\/wp\/v2\/pages\/243\/revisions"}],"predecessor-version":[{"id":24737,"href":"https:\/\/foxterrier-verband.de\/index.php?rest_route=\/wp\/v2\/pages\/243\/revisions\/24737"}],"up":[{"embeddable":true,"href":"https:\/\/foxterrier-verband.de\/index.php?rest_route=\/wp\/v2\/pages\/88"}],"wp:attachment":[{"href":"https:\/\/foxterrier-verband.de\/index.php?rest_route=%2Fwp%2Fv2%2Fmedia&parent=243"}],"curies":[{"name":"wp","href":"https:\/\/api.w.org\/{rel}","templated":true}]}}