{"id":2705,"date":"2014-05-05T21:39:13","date_gmt":"2014-05-05T19:39:13","guid":{"rendered":"https:\/\/www.foxterrier-verband.de\/?page_id=2705"},"modified":"2014-10-27T09:07:07","modified_gmt":"2014-10-27T07:07:07","slug":"bundeszuchtpruefung-2014","status":"publish","type":"page","link":"https:\/\/foxterrier-verband.de\/?page_id=2705","title":{"rendered":"Bundeszuchtpr\u00fcfung 2014"},"content":{"rendered":"<h2><span style=\"color: #ff0000;\">15. Bundeszuchtpr\u00fcfung des DFV e.V. mit ZZL und <\/span><br \/>\n<span style=\"color: #ff0000;\">Vergabe des Titels Bundeszuchtpr\u00fcfungssieger 2014 <\/span><br \/>\n<span style=\"color: #ff0000;\">in Stadt Remda-Teichel am 03.10.2014<\/span><\/h2>\n<p>die 15. Bundeszuchtpr\u00fcfung hat mit 5 gemeldeten Hunden am 03.10.2014 zum nun sechsten Mal in Th\u00fcringen stattgefunden.<\/p>\n<p><i>Leider scheint das Interesse an dieser, einst besser besuchter, Pr\u00fcfung nicht mehr zu bestehen. Zum geplanten Meldeschluss waren erst 2 Hunde gemeldet.<\/i><\/p>\n<p><i>Auch die M\u00f6glichkeit, anl\u00e4sslich dieser Veranstaltung auf Grund ihrer abgelegten Pr\u00fcfungen zur jagdlichen Leistungszucht geeignete Hunde, auf Formbewertung und ZZL vorzustellen wurde schlecht angenommen.<\/i><\/p>\n<p><i>\u00a0<\/i><\/p>\n<p><i>Trotz Verl\u00e4ngerung des Meldeschlusses gingen am Ende nur 5 Meldungen ein. <\/i><\/p>\n<p><i>Ob die, trotz wiederholt von der AG &amp; VR Tagung abgelehnte, von einer Minderheit der Delegierten auf der MV 2014 beschlossene, Aufhebung der Altersgrenzen f\u00fcr ZP &amp; BZP Besserung in der Zukunft bringen wird, ist f\u00fcr mich mehr als zweifelhaft.<\/i><\/p>\n<p><i>\u00a0<\/i><\/p>\n<p><i>Danken m\u00f6chte ich hier aber auf jeden Fall den Hundef\u00fchrern der BZP, den beteiligten Verbandsrichtern, beiden Zuchtrichterin- insbesondere Frau Hesse, welche f\u00fcr den absagenden Herrn M\u00f6hle eingesprungen ist, den Revierinhabern der Pr\u00fcfungsreviere, den Revierf\u00fchrern, der Gastst\u00e4tte \u201eAlter Konsum\u201c in Teichr\u00f6da und den im Hintergrund wirkenden Mitgliedern der PG Teichel.<\/i><\/p>\n<p><i>\u00a0<\/i><\/p>\n<p><i>Die detaillierten Ergebnisse dieser Pr\u00fcfung finden Sie auf der HP, bzw. im n\u00e4chsten Heft des Foxterriers.<\/i><\/p>\n<p><i>\u00a0<\/i><\/p>\n<p><i>Leider verursachte die Wetterlage am 03.10.2014 eine besonders schwierige Pr\u00fcfungssituation. Alle Beteiligten waren p\u00fcnktlich am Treffpunkt, die Er\u00f6ffnung und organisatorischen Abl\u00e4ufe vor Pr\u00fcfungsbeginn liefen reibungslos, so das wir schon kurz nach acht Uhr im Pr\u00fcfungsrevier vor Ort waren. Dort herrschte jedoch Nebel mit Sichtweiten von max. 20 bis 30 Meter!!! Wir warteten eine Zeit und versuchten dann doch Hasenspuren zu arbeiten. Innerhalb k\u00fcrzester Zeit verloren sich die Teilnehmer, von denen nur 3 ortskundig waren, aus den Augen und es war unm\u00f6glich die Arbeiten durchzuf\u00fchren. Ich versuchte andere Revierteile oder Reviere mit besseren Bedingungen ausfindig zu machen- ergebnislos. In dieser Zeit wurde zur \u00dcberbr\u00fcckung mit den Haarwildschleppen begonnen, auch das war wegen sehr schlechter Sicht nicht machbar. Eine Befragung des Revierinhabers lie\u00df vor 13 bis 14 Uhr auf keinen Fall eine Verbesserung der Situation erwarten. <\/i><\/p>\n<p><i>Das Richterkollektiv beriet die Situation und erwog die \u00dcbernahme der Noten der Junghundpr\u00fcfungen. Dieser Gedanke wurde mit den Hundef\u00fchrern besprochen und jeder einzeln dazu befragt- ich verwies die Hundf\u00fchrer (nur denen steht das Einspruchsrecht auf einer Pr\u00fcfung zu) darauf, wenn einer von ihnen auf sein Recht der Arbeit auf der Hasenspur bestehen w\u00fcrde, w\u00fcrden wir (unter Umst\u00e4nden am n\u00e4chsten Tag) alle pr\u00fcfen. Sie stimmten alle der \u00dcbernahme der Vorzensuren zu. Inzwischen war es 11:30 Uhr und wir wechselten ins Revier nach Remda-Teichel. Hier wurde mit der Arbeit auf den Schleppen, am Wasser und beim St\u00f6bern fortgefahren. Hierbei zeigten die Hunde doch unterschiedliche Leistungen. Dies insbesondere im Fach St\u00f6bern, Sie k\u00f6nnen das den Zensuren der einzelnen Hunde entnehmen. Das im St\u00f6bergel\u00e4nde Wild vorhanden war zeigte ein Glatthaarr\u00fcde per Exzellenz- er sprengte eine Rotte von 10 Sauen, brachte sie den Richtern (unbewaffnet) auf max 15 m Schussgerecht, folgte einem einzelnen Frischling von ca 25 kg \u00fcber mehrere hundert Meter, griff diesen und hielt ihn bis zum Hinzukommen von 2 Teilnehmern. Dann riss er sich los, der Hund folgte ins Nachbarrevier. Nach ca 8 Minuten kam er selbst\u00e4ndig zur F\u00fchrerin (welche schon nerv\u00f6s war) zur\u00fcck. Dies war ein sch\u00f6ner Abschluss der St\u00f6berarbeiten.<\/i><\/p>\n<p><i>\u00a0<\/i><\/p>\n<p><i>Die Hunde, welche ihre Pr\u00fcfungsarbeiten beendet hatten, stellten sich Frau Erler zur Formbewertung. Frau Hesse nahm anschlie\u00dfend noch die ZZL f\u00fcr die gemeldeten Hunde vor.<\/i><\/p>\n<p><i>\u00a0<\/i><\/p>\n<p><i>Anschlie\u00dfend wurde die Schreibarbeit vom Richterkollektiv sehr z\u00fcgig absolviert, die Pr\u00fcflinge und die Korona fuhren zum Pr\u00fcfungslokal wo sie gut versorgt wurden.<\/i><\/p>\n<p><i>Nach Eintreffen der VR im Pr\u00fcfungslokal wurde die Siegerehrung vorgenommen, alle ZR &amp; VR sowie die Hundef\u00fchrer erhielten den bei uns \u00fcblichen gravierten Zinnstamperl sowie eine Umh\u00e4ngetasche der Firma Bosch mit Inhalt. <\/i><\/p>\n<p><i>Der Wanderpreis des Zwingers \u201evom Scherfeder Wald\u201c f\u00fcr den besten spurlauten Hund unter 30 Monate wurde aus oben geschilderten Gr\u00fcnden 2014 nicht vergeben.<\/i><\/p>\n<p><i>Die Pr\u00e4sidentin hielt eine, die Leistungen der Teilnehmer w\u00fcrdigende Rede. Nachdem sich der PL noch einmal bei allen Beteiligten bedankte, kam man zum gem\u00fctlichen Teil der Pr\u00fcfung.<\/i><\/p>\n<p><i>\u00a0<\/i><\/p>\n<p><i>Parallel zur BZP fand die 1. Sachkundepr\u00fcfung f\u00fcr einen Verbandsrichteranw\u00e4rter des DFV e.V. und zwei weiter VR Anw\u00e4rter des JGHV satt. Diese wurde mit sehr gutem Ergebnis bestanden <\/i><\/p>\n<p><i>Im Namen des gfV danke ich den VR Frau A. Hummel, Herrn W. Schneider und dem VRO Herrn R. Schulte f\u00fcr ihre Bereitschaft das Amt der Pr\u00fcfungskommission zu \u00fcbernehmen.<\/i><\/p>\n<p><i>\u00a0<\/i><\/p>\n<p><i>Ich hoffe sehr, dass sich f\u00fcrs Jahr 2015 eine Gruppe findet, welche die BZP durchf\u00fchrt- denken Sie bitte an den Termin 20.11. f\u00fcr ihre Bewerbung. <\/i><\/p>\n<p><i>Der Vorstand der PG Teichel, der im \u00fcbrigen bedauert das sich weder ein Vertreter des AG\/LG Vorstandes Th\u00fcringen sehen lie\u00df, hat nach der BZP 2014 beschlossen, diese Pr\u00fcfung nicht wieder durchzuf\u00fchren. <\/i><\/p>\n<p><i>Ach so- auch am n\u00e4chsten Tag war der Nebel so dicht, dass keine M\u00f6glichkeit der Pr\u00fcfung am Hasen gegeben war.<\/i><\/p>\n<p><i>\u00a0<\/i><\/p>\n<p><i>So, das war es f\u00fcr Heute, ich werde weiterhin diesen Weg f\u00fcr Informationen des jagdlichen Teiles und aller daran Interessierter nutzen, nur auf diesem Weg sind Sie alle f\u00fcr mich erreichbar. <\/i><\/p>\n<p><i>\u00a0<\/i><\/p>\n<p><i>Ich w\u00fcnsche Ihnen allen eine Gute Zeit und den J\u00e4gern allzeit Weidmannsheil f\u00fcr die hohe Zeit der Jagd.<\/i><\/p>\n<p><i>\u00a0<\/i><\/p>\n<p><i>Milbitz in Th\u00fcringen, den 05.10.2014<\/i><i><\/i><\/p>\n<p><b>Peter M\u00e4tzke\u00a0<\/b><\/p>\n","protected":false},"excerpt":{"rendered":"<p>15. Bundeszuchtpr\u00fcfung des DFV e.V. mit ZZL und Vergabe des Titels Bundeszuchtpr\u00fcfungssieger 2014 in Stadt Remda-Teichel am 03.10.2014 die 15.[&#8230;]<\/p>\n","protected":false},"author":5,"featured_media":0,"parent":46,"menu_order":0,"comment_status":"open","ping_status":"open","template":"page-full.php","meta":{"footnotes":""},"class_list":["post-2705","page","type-page","status-publish","hentry"],"_links":{"self":[{"href":"https:\/\/foxterrier-verband.de\/index.php?rest_route=\/wp\/v2\/pages\/2705","targetHints":{"allow":["GET"]}}],"collection":[{"href":"https:\/\/foxterrier-verband.de\/index.php?rest_route=\/wp\/v2\/pages"}],"about":[{"href":"https:\/\/foxterrier-verband.de\/index.php?rest_route=\/wp\/v2\/types\/page"}],"author":[{"embeddable":true,"href":"https:\/\/foxterrier-verband.de\/index.php?rest_route=\/wp\/v2\/users\/5"}],"replies":[{"embeddable":true,"href":"https:\/\/foxterrier-verband.de\/index.php?rest_route=%2Fwp%2Fv2%2Fcomments&post=2705"}],"version-history":[{"count":10,"href":"https:\/\/foxterrier-verband.de\/index.php?rest_route=\/wp\/v2\/pages\/2705\/revisions"}],"predecessor-version":[{"id":3593,"href":"https:\/\/foxterrier-verband.de\/index.php?rest_route=\/wp\/v2\/pages\/2705\/revisions\/3593"}],"up":[{"embeddable":true,"href":"https:\/\/foxterrier-verband.de\/index.php?rest_route=\/wp\/v2\/pages\/46"}],"wp:attachment":[{"href":"https:\/\/foxterrier-verband.de\/index.php?rest_route=%2Fwp%2Fv2%2Fmedia&parent=2705"}],"curies":[{"name":"wp","href":"https:\/\/api.w.org\/{rel}","templated":true}]}}

Bundeszuchtprüfung 2014

<h2><span style="color: #ff0000;">15. Bundeszuchtprüfung des DFV e.V. mit ZZL und </span><br />
<span style="color: #ff0000;">Vergabe des Titels Bundeszuchtprüfungssieger 2014 </span><br />
<span style="color: #ff0000;">in Stadt Remda-Teichel am 03.10.2014</span></h2>
<p>die 15. Bundeszuchtprüfung hat mit 5 gemeldeten Hunden am 03.10.2014 zum nun sechsten Mal in Thüringen stattgefunden.</p>
<p><i>Leider scheint das Interesse an dieser, einst besser besuchter, Prüfung nicht mehr zu bestehen. Zum geplanten Meldeschluss waren erst 2 Hunde gemeldet.</i></p>
<p><i>Auch die Möglichkeit, anlässlich dieser Veranstaltung auf Grund ihrer abgelegten Prüfungen zur jagdlichen Leistungszucht geeignete Hunde, auf Formbewertung und ZZL vorzustellen wurde schlecht angenommen.</i></p>
<p><i> </i></p>
<p><i>Trotz Verlängerung des Meldeschlusses gingen am Ende nur 5 Meldungen ein. </i></p>
<p><i>Ob die, trotz wiederholt von der AG &amp; VR Tagung abgelehnte, von einer Minderheit der Delegierten auf der MV 2014 beschlossene, Aufhebung der Altersgrenzen für ZP &amp; BZP Besserung in der Zukunft bringen wird, ist für mich mehr als zweifelhaft.</i></p>
<p><i> </i></p>
<p><i>Danken möchte ich hier aber auf jeden Fall den Hundeführern der BZP, den beteiligten Verbandsrichtern, beiden Zuchtrichterin- insbesondere Frau Hesse, welche für den absagenden Herrn Möhle eingesprungen ist, den Revierinhabern der Prüfungsreviere, den Revierführern, der Gaststätte „Alter Konsum“ in Teichröda und den im Hintergrund wirkenden Mitgliedern der PG Teichel.</i></p>
<p><i> </i></p>
<p><i>Die detaillierten Ergebnisse dieser Prüfung finden Sie auf der HP, bzw. im nächsten Heft des Foxterriers.</i></p>
<p><i> </i></p>
<p><i>Leider verursachte die Wetterlage am 03.10.2014 eine besonders schwierige Prüfungssituation. Alle Beteiligten waren pünktlich am Treffpunkt, die Eröffnung und organisatorischen Abläufe vor Prüfungsbeginn liefen reibungslos, so das wir schon kurz nach acht Uhr im Prüfungsrevier vor Ort waren. Dort herrschte jedoch Nebel mit Sichtweiten von max. 20 bis 30 Meter!!! Wir warteten eine Zeit und versuchten dann doch Hasenspuren zu arbeiten. Innerhalb kürzester Zeit verloren sich die Teilnehmer, von denen nur 3 ortskundig waren, aus den Augen und es war unmöglich die Arbeiten durchzuführen. Ich versuchte andere Revierteile oder Reviere mit besseren Bedingungen ausfindig zu machen- ergebnislos. In dieser Zeit wurde zur Überbrückung mit den Haarwildschleppen begonnen, auch das war wegen sehr schlechter Sicht nicht machbar. Eine Befragung des Revierinhabers ließ vor 13 bis 14 Uhr auf keinen Fall eine Verbesserung der Situation erwarten. </i></p>
<p><i>Das Richterkollektiv beriet die Situation und erwog die Übernahme der Noten der Junghundprüfungen. Dieser Gedanke wurde mit den Hundeführern besprochen und jeder einzeln dazu befragt- ich verwies die Hundführer (nur denen steht das Einspruchsrecht auf einer Prüfung zu) darauf, wenn einer von ihnen auf sein Recht der Arbeit auf der Hasenspur bestehen würde, würden wir (unter Umständen am nächsten Tag) alle prüfen. Sie stimmten alle der Übernahme der Vorzensuren zu. Inzwischen war es 11:30 Uhr und wir wechselten ins Revier nach Remda-Teichel. Hier wurde mit der Arbeit auf den Schleppen, am Wasser und beim Stöbern fortgefahren. Hierbei zeigten die Hunde doch unterschiedliche Leistungen. Dies insbesondere im Fach Stöbern, Sie können das den Zensuren der einzelnen Hunde entnehmen. Das im Stöbergelände Wild vorhanden war zeigte ein Glatthaarrüde per Exzellenz- er sprengte eine Rotte von 10 Sauen, brachte sie den Richtern (unbewaffnet) auf max 15 m Schussgerecht, folgte einem einzelnen Frischling von ca 25 kg über mehrere hundert Meter, griff diesen und hielt ihn bis zum Hinzukommen von 2 Teilnehmern. Dann riss er sich los, der Hund folgte ins Nachbarrevier. Nach ca 8 Minuten kam er selbständig zur Führerin (welche schon nervös war) zurück. Dies war ein schöner Abschluss der Stöberarbeiten.</i></p>
<p><i> </i></p>
<p><i>Die Hunde, welche ihre Prüfungsarbeiten beendet hatten, stellten sich Frau Erler zur Formbewertung. Frau Hesse nahm anschließend noch die ZZL für die gemeldeten Hunde vor.</i></p>
<p><i> </i></p>
<p><i>Anschließend wurde die Schreibarbeit vom Richterkollektiv sehr zügig absolviert, die Prüflinge und die Korona fuhren zum Prüfungslokal wo sie gut versorgt wurden.</i></p>
<p><i>Nach Eintreffen der VR im Prüfungslokal wurde die Siegerehrung vorgenommen, alle ZR &amp; VR sowie die Hundeführer erhielten den bei uns üblichen gravierten Zinnstamperl sowie eine Umhängetasche der Firma Bosch mit Inhalt. </i></p>
<p><i>Der Wanderpreis des Zwingers „vom Scherfeder Wald“ für den besten spurlauten Hund unter 30 Monate wurde aus oben geschilderten Gründen 2014 nicht vergeben.</i></p>
<p><i>Die Präsidentin hielt eine, die Leistungen der Teilnehmer würdigende Rede. Nachdem sich der PL noch einmal bei allen Beteiligten bedankte, kam man zum gemütlichen Teil der Prüfung.</i></p>
<p><i> </i></p>
<p><i>Parallel zur BZP fand die 1. Sachkundeprüfung für einen Verbandsrichteranwärter des DFV e.V. und zwei weiter VR Anwärter des JGHV satt. Diese wurde mit sehr gutem Ergebnis bestanden </i></p>
<p><i>Im Namen des gfV danke ich den VR Frau A. Hummel, Herrn W. Schneider und dem VRO Herrn R. Schulte für ihre Bereitschaft das Amt der Prüfungskommission zu übernehmen.</i></p>
<p><i> </i></p>
<p><i>Ich hoffe sehr, dass sich fürs Jahr 2015 eine Gruppe findet, welche die BZP durchführt- denken Sie bitte an den Termin 20.11. für ihre Bewerbung. </i></p>
<p><i>Der Vorstand der PG Teichel, der im übrigen bedauert das sich weder ein Vertreter des AG/LG Vorstandes Thüringen sehen ließ, hat nach der BZP 2014 beschlossen, diese Prüfung nicht wieder durchzuführen. </i></p>
<p><i>Ach so- auch am nächsten Tag war der Nebel so dicht, dass keine Möglichkeit der Prüfung am Hasen gegeben war.</i></p>
<p><i> </i></p>
<p><i>So, das war es für Heute, ich werde weiterhin diesen Weg für Informationen des jagdlichen Teiles und aller daran Interessierter nutzen, nur auf diesem Weg sind Sie alle für mich erreichbar. </i></p>
<p><i> </i></p>
<p><i>Ich wünsche Ihnen allen eine Gute Zeit und den Jägern allzeit Weidmannsheil für die hohe Zeit der Jagd.</i></p>
<p><i> </i></p>
<p><i>Milbitz in Thüringen, den 05.10.2014</i><i></i></p>
<p><b>Peter Mätzke </b></p>

<p>15. Bundeszuchtprüfung des DFV e.V. mit ZZL und Vergabe des Titels Bundeszuchtprüfungssieger 2014 in Stadt Remda-Teichel am 03.10.2014 die 15.[&#8230;]</p>
