{"id":6888,"date":"2016-06-14T10:10:15","date_gmt":"2016-06-14T08:10:15","guid":{"rendered":"https:\/\/www.foxterrier-verband.de\/?page_id=6888"},"modified":"2016-06-14T10:10:15","modified_gmt":"2016-06-14T08:10:15","slug":"koenigshofen-04-06-2016-dr-h-plesske-gedaechtnisschau","status":"publish","type":"page","link":"https:\/\/foxterrier-verband.de\/?page_id=6888","title":{"rendered":"K\u00f6nigshofen, 04.06.2016 &#8211; Dr.-H.-Ple\u00dfke-Ged\u00e4chtnisschau"},"content":{"rendered":"<p><!--1367e76c7604cd9d--><\/p>\n<table width=\"775\">\n<tbody>\n<tr>\n<td width=\"121\"><span style=\"color: #000000;\">Haar\/Geschlecht<\/span><\/td>\n<td width=\"80\"><span style=\"color: #000000;\">DFZB-Nr.<\/span><\/td>\n<td width=\"80\"><span style=\"color: #000000;\">Klasse<\/span><\/td>\n<td width=\"212\"><span style=\"color: #000000;\">Name Hund<\/span><\/td>\n<td width=\"282\"><span style=\"color: #000000;\">Ergebnis<\/span><\/td>\n<\/tr>\n<tr>\n<td width=\"121\"><span style=\"color: #000000;\">\u00a0<\/span><\/td>\n<td><span style=\"color: #000000;\">\u00a0<\/span><\/td>\n<td width=\"80\"><span style=\"color: #000000;\">\u00a0<\/span><\/td>\n<td width=\"212\"><span style=\"color: #000000;\">\u00a0<\/span><\/td>\n<td width=\"282\"><span style=\"color: #000000;\">\u00a0<\/span><\/td>\n<\/tr>\n<tr>\n<td width=\"121\"><span style=\"color: #000000;\">GH-R<\/span><\/td>\n<td><span style=\"color: #000000;\">07 1338<\/span><\/td>\n<td width=\"80\"><span style=\"color: #000000;\">Vet<\/span><\/td>\n<td width=\"212\"><span style=\"color: #000000;\"><a href=\"http:\/\/www.foxterrier-verband.de\/wp-content\/uploads\/2016\/06\/Czako-v.-Gockelhof.pdf\" target=\"_blank\">Czako v. Gockelhof<\/a><\/span><\/td>\n<td width=\"282\"><span style=\"color: #000000;\">V1 VVDH VCAC bester Vet<\/span><\/td>\n<\/tr>\n<tr>\n<td width=\"121\"><span style=\"color: #000000;\">GH-R<\/span><\/td>\n<td><span style=\"color: #000000;\">15 1199<\/span><\/td>\n<td width=\"80\"><span style=\"color: #000000;\">Jug<\/span><\/td>\n<td width=\"212\"><span style=\"color: #000000;\"><a href=\"http:\/\/www.foxterrier-verband.de\/wp-content\/uploads\/2016\/06\/Kojak-v.-Sachsenland.pdf\" target=\"_blank\">Kojak v. Sachsenland<\/a><\/span><\/td>\n<td width=\"282\"><span style=\"color: #000000;\">V1 JVDH JCAC JBOB BOB BIS<\/span><\/td>\n<\/tr>\n<tr>\n<td width=\"121\"><span style=\"color: #000000;\">GH-R<\/span><\/td>\n<td><span style=\"color: #000000;\">14 1224<\/span><\/td>\n<td width=\"80\"><span style=\"color: #000000;\">Zwisch<\/span><\/td>\n<td width=\"212\"><span style=\"color: #000000;\"><a href=\"http:\/\/www.foxterrier-verband.de\/wp-content\/uploads\/2016\/06\/Icebreaker-v.-Sachsenland.pdf\" target=\"_blank\">Icebreaker v. Sachsenland<\/a><\/span><\/td>\n<td width=\"282\"><span style=\"color: #000000;\">V1 VDH CAC<\/span><\/td>\n<\/tr>\n<tr>\n<td width=\"121\"><span style=\"color: #000000;\">GH-R<\/span><\/td>\n<td><span style=\"color: #000000;\">14 1211<\/span><\/td>\n<td width=\"80\"><span style=\"color: #000000;\">Zwisch<\/span><\/td>\n<td width=\"212\"><span style=\"color: #000000;\"><a href=\"http:\/\/www.foxterrier-verband.de\/wp-content\/uploads\/2016\/06\/Eik-v.-d.-H\u00f6llm\u00fchle.pdf\" target=\"_blank\">Eik v. d. H\u00f6llm\u00fchle<\/a><\/span><\/td>\n<td width=\"282\"><span style=\"color: #000000;\">SG2<\/span><\/td>\n<\/tr>\n<tr>\n<td width=\"121\"><span style=\"color: #000000;\">GH-R<\/span><\/td>\n<td><span style=\"color: #000000;\">MET 5964\/08<\/span><\/td>\n<td width=\"80\"><span style=\"color: #000000;\">Champ<\/span><\/td>\n<td width=\"212\"><span style=\"color: #000000;\"><a href=\"http:\/\/www.foxterrier-verband.de\/wp-content\/uploads\/2016\/06\/Agria-Yazoo.pdf\" target=\"_blank\">Agria Yazoo<\/a><\/span><\/td>\n<td width=\"282\"><span style=\"color: #000000;\">V1 VDH\u00a0<\/span><\/td>\n<\/tr>\n<tr>\n<td width=\"121\"><span style=\"color: #000000;\">GH-R<\/span><\/td>\n<td><span style=\"color: #000000;\">14 1176<\/span><\/td>\n<td width=\"80\"><span style=\"color: #000000;\">Gebr<\/span><\/td>\n<td width=\"212\"><span style=\"color: #000000;\"><a href=\"http:\/\/www.foxterrier-verband.de\/wp-content\/uploads\/2016\/06\/Ben-v.-Hammatal.pdf\" target=\"_blank\">Ben v. Hammatal<\/a><\/span><\/td>\n<td width=\"282\"><span style=\"color: #000000;\">V1 VDH BGH<\/span><\/td>\n<\/tr>\n<tr>\n<td width=\"121\"><span style=\"color: #000000;\">GH-R<\/span><\/td>\n<td><span style=\"color: #000000;\">13 1251<\/span><\/td>\n<td width=\"80\"><span style=\"color: #000000;\">Off<\/span><\/td>\n<td><span style=\"color: #000000;\"><a href=\"http:\/\/www.foxterrier-verband.de\/wp-content\/uploads\/2016\/06\/Gilmore-v.-Sachsen.pdf\" target=\"_blank\">Gilmore v. Sachsen<\/a><\/span><\/td>\n<td width=\"282\"><span style=\"color: #000000;\">V1 VDH RCAC<\/span><\/td>\n<\/tr>\n<tr>\n<td width=\"121\"><span style=\"color: #000000;\">DH-R<\/span><\/td>\n<td><span style=\"color: #000000;\">15 4143<\/span><\/td>\n<td width=\"80\"><span style=\"color: #000000;\">Jug<\/span><\/td>\n<td width=\"212\"><span style=\"color: #000000;\"><a href=\"http:\/\/www.foxterrier-verband.de\/wp-content\/uploads\/2016\/06\/Bill-v.-Loos.pdf\" target=\"_blank\">Bill v. Loos<\/a><\/span><\/td>\n<td width=\"282\"><span style=\"color: #000000;\">V1 JVDH JCAC<\/span><\/td>\n<\/tr>\n<tr>\n<td width=\"121\"><span style=\"color: #000000;\">DH-R<\/span><\/td>\n<td><span style=\"color: #000000;\">14 4089<\/span><\/td>\n<td width=\"80\"><span style=\"color: #000000;\">Zucht<\/span><\/td>\n<td width=\"212\"><span style=\"color: #000000;\"><a href=\"http:\/\/www.foxterrier-verband.de\/wp-content\/uploads\/2016\/06\/Ian-v.-Goldacker.pdf\" target=\"_blank\">Ian v. Goldacker<\/a><\/span><\/td>\n<td width=\"282\"><span style=\"color: #000000;\">V1<\/span><\/td>\n<\/tr>\n<tr>\n<td width=\"121\"><span style=\"color: #000000;\">DH-R<\/span><\/td>\n<td><span style=\"color: #000000;\">14 4243<\/span><\/td>\n<td width=\"80\"><span style=\"color: #000000;\">Zwisch<\/span><\/td>\n<td width=\"212\"><span style=\"color: #000000;\"><a href=\"http:\/\/www.foxterrier-verband.de\/wp-content\/uploads\/2016\/06\/John-v.-Goldacker.pdf\" target=\"_blank\">John v. Goldacker<\/a><\/span><\/td>\n<td width=\"282\"><span style=\"color: #000000;\">V1 VDH CAC BOS<\/span><\/td>\n<\/tr>\n<tr>\n<td width=\"121\"><span style=\"color: #000000;\">DH-R<\/span><\/td>\n<td><span style=\"color: #000000;\">13 4203<\/span><\/td>\n<td width=\"80\"><span style=\"color: #000000;\">Gebr<\/span><\/td>\n<td><span style=\"color: #000000;\"><a href=\"http:\/\/www.foxterrier-verband.de\/wp-content\/uploads\/2016\/06\/Iwan-v.-T\u00e4nnicht.pdf\" target=\"_blank\">Iwan v. T\u00e4nnicht<\/a><\/span><\/td>\n<td width=\"282\"><span style=\"color: #000000;\">V1 VDH<\/span><\/td>\n<\/tr>\n<tr>\n<td width=\"121\"><span style=\"color: #000000;\">DH-R<\/span><\/td>\n<td><span style=\"color: #000000;\">10 4138<\/span><\/td>\n<td width=\"80\"><span style=\"color: #000000;\">Off<\/span><\/td>\n<td><span style=\"color: #000000;\"><a href=\"http:\/\/www.foxterrier-verband.de\/wp-content\/uploads\/2016\/06\/Fino-v.-Waldhaus.pdf\" target=\"_blank\">Fino v. Waldhaus<\/a><\/span><\/td>\n<td width=\"282\"><span style=\"color: #000000;\">SG2<\/span><\/td>\n<\/tr>\n<tr>\n<td width=\"121\"><span style=\"color: #000000;\">DH-R<\/span><\/td>\n<td><span style=\"color: #000000;\">13 4232<\/span><\/td>\n<td width=\"80\"><span style=\"color: #000000;\">Off<\/span><\/td>\n<td><span style=\"color: #000000;\"><a href=\"http:\/\/www.foxterrier-verband.de\/wp-content\/uploads\/2016\/06\/Mischa-v.-Waldhaus.pdf\" target=\"_blank\">Mischa v. Waldhaus<\/a><\/span><\/td>\n<td width=\"282\"><span style=\"color: #000000;\">V1 VDH RCAC<\/span><\/td>\n<\/tr>\n<tr>\n<td width=\"121\"><span style=\"color: #000000;\">GH-H<\/span><\/td>\n<td><span style=\"color: #000000;\">15 1203<\/span><\/td>\n<td width=\"80\"><span style=\"color: #000000;\">Jug<\/span><\/td>\n<td><span style=\"color: #000000;\"><a href=\"http:\/\/www.foxterrier-verband.de\/wp-content\/uploads\/2016\/06\/Kiss-me-Kathe-v.-Sachsenland.pdf\" target=\"_blank\">Kiss me Kathe v. Sachsenland<\/a><\/span><\/td>\n<td width=\"282\"><span style=\"color: #000000;\">V2 RJVDH RJCAC<\/span><\/td>\n<\/tr>\n<tr>\n<td width=\"121\"><span style=\"color: #000000;\">GH-H<\/span><\/td>\n<td><span style=\"color: #000000;\">15 1167<\/span><\/td>\n<td width=\"80\"><span style=\"color: #000000;\">Jug<\/span><\/td>\n<td><span style=\"color: #000000;\"><a href=\"http:\/\/www.foxterrier-verband.de\/wp-content\/uploads\/2016\/06\/Adora-v.-Wildpark.pdf\" target=\"_blank\">Adora v. Wildpark<\/a><\/span><\/td>\n<td width=\"282\"><span style=\"color: #000000;\">V1 JVDH JCAC BOS<\/span><\/td>\n<\/tr>\n<tr>\n<td width=\"121\"><span style=\"color: #000000;\">GH-H<\/span><\/td>\n<td><span style=\"color: #000000;\">METS\/79\/15<\/span><\/td>\n<td width=\"80\"><span style=\"color: #000000;\">Jug<\/span><\/td>\n<td><span style=\"color: #000000;\"><a href=\"http:\/\/www.foxterrier-verband.de\/wp-content\/uploads\/2016\/06\/Agria-American-Girl.pdf\" target=\"_blank\">Agria American Girl<\/a><\/span><\/td>\n<td width=\"282\"><span style=\"color: #000000;\">V3<\/span><\/td>\n<\/tr>\n<tr>\n<td width=\"121\"><span style=\"color: #000000;\">GH-H<\/span><\/td>\n<td><span style=\"color: #000000;\">14 1212<\/span><\/td>\n<td width=\"80\"><span style=\"color: #000000;\">Zwisch<\/span><\/td>\n<td><span style=\"color: #000000;\"><a href=\"http:\/\/www.foxterrier-verband.de\/wp-content\/uploads\/2016\/06\/Elsa-v.-d.-H\u00f6llm\u00fchle.pdf\" target=\"_blank\">Elsa v. d. H\u00f6llm\u00fchle<\/a><\/span><\/td>\n<td width=\"282\"><span style=\"color: #000000;\">SG2<\/span><\/td>\n<\/tr>\n<tr>\n<td width=\"121\"><span style=\"color: #000000;\">GH-H<\/span><\/td>\n<td><span style=\"color: #000000;\">14 1273<\/span><\/td>\n<td width=\"80\"><span style=\"color: #000000;\">Zwisch<\/span><\/td>\n<td><span style=\"color: #000000;\"><a href=\"http:\/\/www.foxterrier-verband.de\/wp-content\/uploads\/2016\/06\/Esperanca-v.-Gockelhof.pdf\" target=\"_blank\">Esperanca v. Gockelhof<\/a><\/span><\/td>\n<td width=\"282\"><span style=\"color: #000000;\">V1 VDH RCAC<\/span><\/td>\n<\/tr>\n<tr>\n<td width=\"121\"><span style=\"color: #000000;\">GH-H<\/span><\/td>\n<td><span style=\"color: #000000;\">13 1056<\/span><\/td>\n<td width=\"80\"><span style=\"color: #000000;\">Off<\/span><\/td>\n<td><span style=\"color: #000000;\"><a href=\"http:\/\/www.foxterrier-verband.de\/wp-content\/uploads\/2016\/06\/Fancy-Flame-v.-Sachsenland.pdf\" target=\"_blank\">Fancy Flame v. Sachsenland<\/a><\/span><\/td>\n<td width=\"282\"><span style=\"color: #000000;\">V1 VDH CAC<\/span><\/td>\n<\/tr>\n<tr>\n<td width=\"121\"><span style=\"color: #000000;\">DH-H<\/span><\/td>\n<td><span style=\"color: #000000;\">15 4145<\/span><\/td>\n<td width=\"80\"><span style=\"color: #000000;\">Jug<\/span><\/td>\n<td><span style=\"color: #000000;\"><a href=\"http:\/\/www.foxterrier-verband.de\/wp-content\/uploads\/2016\/06\/Bea-v.-Loos.pdf\" target=\"_blank\">Bea v. Loos<\/a><\/span><\/td>\n<td width=\"282\"><span style=\"color: #000000;\">V2 RVDH RJCAC<\/span><\/td>\n<\/tr>\n<tr>\n<td width=\"121\"><span style=\"color: #000000;\">DH-H<\/span><\/td>\n<td><span style=\"color: #000000;\">15 4207<\/span><\/td>\n<td width=\"80\"><span style=\"color: #000000;\">Jug<\/span><\/td>\n<td><span style=\"color: #000000;\"><a href=\"http:\/\/www.foxterrier-verband.de\/wp-content\/uploads\/2016\/06\/Joy-v.-J\u00fcnglingshof.pdf\" target=\"_blank\">Joy v. J\u00fcnglingshof<\/a><\/span><\/td>\n<td width=\"282\"><span style=\"color: #000000;\">V1 JCAC BOB Ple\u00dfke-Ged\u00e4chtnissieger<\/span><\/td>\n<\/tr>\n<tr>\n<td width=\"121\"><span style=\"color: #000000;\">DH-H<\/span><\/td>\n<td><span style=\"color: #000000;\">12 4241<\/span><\/td>\n<td width=\"80\"><span style=\"color: #000000;\">Champ<\/span><\/td>\n<td><span style=\"color: #000000;\"><a href=\"http:\/\/www.foxterrier-verband.de\/wp-content\/uploads\/2016\/06\/Pepper-v.-d.-sch\u00f6nen-Bergen.pdf\" target=\"_blank\">Pepper v. d. sch\u00f6nen Bergen<\/a><\/span><\/td>\n<td width=\"282\"><span style=\"color: #000000;\">V1 VDH RCAC<\/span><\/td>\n<\/tr>\n<tr>\n<td width=\"121\"><span style=\"color: #000000;\">DH-H<\/span><\/td>\n<td><span style=\"color: #000000;\">14 4323<\/span><\/td>\n<td width=\"80\"><span style=\"color: #000000;\">Gebr<\/span><\/td>\n<td><span style=\"color: #000000;\"><a href=\"http:\/\/www.foxterrier-verband.de\/wp-content\/uploads\/2016\/06\/Kleo-v.-Goldacker.pdf\" target=\"_blank\">Kleo v. Goldacker<\/a><\/span><\/td>\n<td width=\"282\"><span style=\"color: #000000;\">V1 VDH BGH<\/span><\/td>\n<\/tr>\n<tr>\n<td width=\"121\"><span style=\"color: #000000;\">DH-H<\/span><\/td>\n<td><span style=\"color: #000000;\">13 4212<\/span><\/td>\n<td width=\"80\"><span style=\"color: #000000;\">Off<\/span><\/td>\n<td><span style=\"color: #000000;\"><a href=\"http:\/\/www.foxterrier-verband.de\/wp-content\/uploads\/2016\/06\/Heidi-v.-Goldacker.pdf\" target=\"_blank\">Heidi v. Goldacker<\/a><\/span><\/td>\n<td width=\"282\"><span style=\"color: #000000;\">V3<\/span><\/td>\n<\/tr>\n<tr>\n<td width=\"121\"><span style=\"color: #000000;\">DH-H<\/span><\/td>\n<td><span style=\"color: #000000;\">13 4158<\/span><\/td>\n<td width=\"80\"><span style=\"color: #000000;\">Off<\/span><\/td>\n<td><span style=\"color: #000000;\"><a href=\"http:\/\/www.foxterrier-verband.de\/wp-content\/uploads\/2016\/06\/Lilly-v.-Waldhaus.pdf\" target=\"_blank\">Lilly v. Waldhaus<\/a><\/span><\/td>\n<td width=\"282\"><span style=\"color: #000000;\">V2 RVDH<\/span><\/td>\n<\/tr>\n<tr>\n<td width=\"121\"><span style=\"color: #000000;\">DH-H<\/span><\/td>\n<td><span style=\"color: #000000;\">12 4284<\/span><\/td>\n<td width=\"80\"><span style=\"color: #000000;\">Off<\/span><\/td>\n<td><span style=\"color: #000000;\"><a href=\"http:\/\/www.foxterrier-verband.de\/wp-content\/uploads\/2016\/06\/Rachel-v.-J\u00fcnglingshof.pdf\" target=\"_blank\">Rachel v. J\u00fcnglingshof<\/a><\/span><\/td>\n<td width=\"282\"><span style=\"color: #000000;\">V1 VDH CAC<\/span><\/td>\n<\/tr>\n<\/tbody>\n<\/table>\n<p>&nbsp;<\/p>\n","protected":false},"excerpt":{"rendered":"<p>Haar\/Geschlecht DFZB-Nr. Klasse Name Hund Ergebnis \u00a0 \u00a0 \u00a0 \u00a0 \u00a0 GH-R 07 1338 Vet Czako v. Gockelhof V1 VVDH[&#8230;]<\/p>\n","protected":false},"author":6,"featured_media":0,"parent":0,"menu_order":0,"comment_status":"open","ping_status":"open","template":"","meta":{"footnotes":""},"class_list":["post-6888","page","type-page","status-publish","hentry"],"_links":{"self":[{"href":"https:\/\/foxterrier-verband.de\/index.php?rest_route=\/wp\/v2\/pages\/6888","targetHints":{"allow":["GET"]}}],"collection":[{"href":"https:\/\/foxterrier-verband.de\/index.php?rest_route=\/wp\/v2\/pages"}],"about":[{"href":"https:\/\/foxterrier-verband.de\/index.php?rest_route=\/wp\/v2\/types\/page"}],"author":[{"embeddable":true,"href":"https:\/\/foxterrier-verband.de\/index.php?rest_route=\/wp\/v2\/users\/6"}],"replies":[{"embeddable":true,"href":"https:\/\/foxterrier-verband.de\/index.php?rest_route=%2Fwp%2Fv2%2Fcomments&post=6888"}],"version-history":[{"count":1,"href":"https:\/\/foxterrier-verband.de\/index.php?rest_route=\/wp\/v2\/pages\/6888\/revisions"}],"predecessor-version":[{"id":6915,"href":"https:\/\/foxterrier-verband.de\/index.php?rest_route=\/wp\/v2\/pages\/6888\/revisions\/6915"}],"wp:attachment":[{"href":"https:\/\/foxterrier-verband.de\/index.php?rest_route=%2Fwp%2Fv2%2Fmedia&parent=6888"}],"curies":[{"name":"wp","href":"https:\/\/api.w.org\/{rel}","templated":true}]}}