{"id":7,"date":"2023-10-14T07:07:16","date_gmt":"2023-10-14T05:07:16","guid":{"rendered":"https:\/\/www.foxterrier-verband.de\/?page_id=7"},"modified":"2026-04-01T09:34:46","modified_gmt":"2026-04-01T07:34:46","slug":"zucht","status":"publish","type":"page","link":"https:\/\/foxterrier-verband.de\/?page_id=7","title":{"rendered":"Zucht"},"content":{"rendered":"<p><!--1367e76c7604cd9d--><\/p>\n<table border=\"0\">\n<tbody>\n<tr>\n<td><a href=\"https:\/\/www.foxterrier-verband.de\/?page_id=204\"><img decoding=\"async\" class=\"alignnone\" src=\"https:\/\/www.foxterrier-verband.de\/wp-content\/uploads\/2013\/10\/voller-ordner.png\" alt=\"voller-ordner\" width=\"41\" height=\"37\" \/><\/a><\/td>\n<td><a href=\"https:\/\/www.foxterrier-verband.de\/?page_id=29\">Zuchtb\u00fccher<\/a><\/td>\n<\/tr>\n<tr>\n<td><a href=\"https:\/\/www.foxterrier-verband.de\/?page_id=204\"><img decoding=\"async\" class=\"alignnone\" src=\"https:\/\/www.foxterrier-verband.de\/wp-content\/uploads\/2013\/10\/voller-ordner.png\" alt=\"voller-ordner\" width=\"41\" height=\"37\" \/><\/a><\/td>\n<td><a href=\"https:\/\/www.foxterrier-verband.de\/?page_id=6579\" target=\"_blank\" rel=\"noopener noreferrer\">Deckmeldungen<\/a><\/td>\n<\/tr>\n<tr>\n<td><a href=\"https:\/\/www.foxterrier-verband.de\/?page_id=204\"><img decoding=\"async\" class=\"alignnone\" src=\"https:\/\/www.foxterrier-verband.de\/wp-content\/uploads\/2013\/10\/voller-ordner.png\" alt=\"voller-ordner\" width=\"41\" height=\"37\" \/><\/a><\/td>\n<td><a href=\"https:\/\/www.foxterrier-verband.de\/?page_id=6591\" target=\"_blank\" rel=\"noopener noreferrer\">Wurfmeldungen<\/a><\/td>\n<\/tr>\n<tr>\n<td><a href=\"https:\/\/www.foxterrier-verband.de\/?page_id=204\"><img decoding=\"async\" class=\"alignnone\" src=\"https:\/\/www.foxterrier-verband.de\/wp-content\/uploads\/2013\/10\/voller-ordner.png\" alt=\"voller-ordner\" width=\"41\" height=\"37\" \/><\/a><\/td>\n<td><a href=\"https:\/\/www.foxterrier-verband.de\/?page_id=6798\" target=\"_blank\" rel=\"noopener noreferrer\">Z\u00fcchterliste<\/a><\/td>\n<\/tr>\n<tr>\n<td><a href=\"https:\/\/www.foxterrier-verband.de\/?page_id=204\"><img decoding=\"async\" class=\"alignnone\" src=\"https:\/\/www.foxterrier-verband.de\/wp-content\/uploads\/2013\/10\/voller-ordner.png\" alt=\"voller-ordner\" width=\"41\" height=\"37\" \/><\/a><\/td>\n<td><a href=\"https:\/\/www.foxterrier-verband.de\/wp-content\/uploads\/2013\/12\/Deckscheinformular-12.pdf\">Deckschein<\/a><\/td>\n<\/tr>\n<tr>\n<td><a href=\"https:\/\/www.foxterrier-verband.de\/?page_id=204\"><img decoding=\"async\" class=\"alignnone\" src=\"https:\/\/www.foxterrier-verband.de\/wp-content\/uploads\/2013\/10\/voller-ordner.png\" alt=\"voller-ordner\" width=\"41\" height=\"37\" \/><\/a><\/td>\n<td><a href=\"https:\/\/www.foxterrier-verband.de\/?page_id=7809\" target=\"_blank\" rel=\"noopener noreferrer\">Deckr\u00fcden<\/a><\/td>\n<\/tr>\n<\/tbody>\n<\/table>\n<p>&nbsp;<\/p>\n","protected":false},"excerpt":{"rendered":"<p>Zuchtb\u00fccher Deckmeldungen Wurfmeldungen Z\u00fcchterliste Deckschein Deckr\u00fcden &nbsp;<\/p>\n","protected":false},"author":4,"featured_media":0,"parent":0,"menu_order":10,"comment_status":"closed","ping_status":"closed","template":"","meta":{"footnotes":""},"class_list":["post-7","page","type-page","status-publish","hentry"],"_links":{"self":[{"href":"https:\/\/foxterrier-verband.de\/index.php?rest_route=\/wp\/v2\/pages\/7","targetHints":{"allow":["GET"]}}],"collection":[{"href":"https:\/\/foxterrier-verband.de\/index.php?rest_route=\/wp\/v2\/pages"}],"about":[{"href":"https:\/\/foxterrier-verband.de\/index.php?rest_route=\/wp\/v2\/types\/page"}],"author":[{"embeddable":true,"href":"https:\/\/foxterrier-verband.de\/index.php?rest_route=\/wp\/v2\/users\/4"}],"replies":[{"embeddable":true,"href":"https:\/\/foxterrier-verband.de\/index.php?rest_route=%2Fwp%2Fv2%2Fcomments&post=7"}],"version-history":[{"count":19,"href":"https:\/\/foxterrier-verband.de\/index.php?rest_route=\/wp\/v2\/pages\/7\/revisions"}],"predecessor-version":[{"id":8466,"href":"https:\/\/foxterrier-verband.de\/index.php?rest_route=\/wp\/v2\/pages\/7\/revisions\/8466"}],"wp:attachment":[{"href":"https:\/\/foxterrier-verband.de\/index.php?rest_route=%2Fwp%2Fv2%2Fmedia&parent=7"}],"curies":[{"name":"wp","href":"https:\/\/api.w.org\/{rel}","templated":true}]}}